{"id":9796,"date":"2022-01-07T08:09:07","date_gmt":"2022-01-07T06:09:07","guid":{"rendered":"https:\/\/mildot.fi\/?post_type=product&#038;p=9796"},"modified":"2026-03-18T09:52:23","modified_gmt":"2026-03-18T07:52:23","slug":"vortex-razor-hd-gen-iii-6-36x56-ffp-erb-7d","status":"publish","type":"product","link":"https:\/\/mildot.fi\/index.php\/product\/vortex-razor-hd-gen-iii-6-36x56-ffp-erb-7d\/","title":{"rendered":"Vortex Razor HD GEN III 6-36&#215;56 FFP ERB-7D"},"content":{"rendered":"<p>Included in the Box<\/p>\n<p>Sunshade<br \/>\nObjective lens cover<br \/>\nOcular lens cover<br \/>\nLens cloth<br \/>\nBattery CR2032<br \/>\nThrow lever<br \/>\nL-TEC Tool<\/p>\n<p>Magnification 6-36x<br \/>\nObjective Lens Diameter 56 mm<br \/>\nOuter diameter ocular 45mm<br \/>\nOuter diameter objective 65mm<br \/>\nEye Relief 8,9cm (3.5 inches)<br \/>\nField of View 21.3-3.5 ft @ 100 yds<br \/>\nTube Size 34 mm<br \/>\nTurret Style Exposed Locking<br \/>\nAdjustment Graduation .1 MRAD<br \/>\nTravel Per Rotation 10 MRAD<br \/>\nMax Elevation Adjustment 36.1 MRAD<br \/>\nMax Windage Adjustment 15.5 MRAD<br \/>\nParallax Setting 10 yds to infinity<br \/>\nLength 38,8cm (15.3 inches)<br \/>\nWeight 1.28kg (45.1oz)<br \/>\nProduct Manual (PDF) <a href=\"https:\/\/mildot.fi\/wp-content\/uploads\/2022\/01\/vortex_razor_6-36-manual.pdf\">vortex_razor_6-36-manual<\/a><br \/>\nReticle Manual (PDF) <a href=\"https:\/\/mildot.fi\/wp-content\/uploads\/2022\/01\/razor__ebr-7d-reticle_manual.pdf\">razor__ebr-7d-reticle_manual<\/a><\/p>\n<p>&nbsp;<\/p>\n<div role=\"tabpanel\" data-role=\"content\" aria-hidden=\"false\">\n<div class=\"feature-item\"><strong><span class=\"label\">First Focal Plane Reticle<\/span><\/strong><br \/>\n<span class=\"value\">Scale of the EBR-7D reticle remains in proportion to the zoomed image. Constant subtensions allow for accurate holdovers and ranging at all magnifications while the EBR-7D reticle is useful for long-range shooting.<\/span><\/div>\n<div class=\"feature-item\"><strong><span class=\"label\">L-Tec+\u2122 Zero System<\/span><br \/>\n<\/strong><span class=\"value\">The L-Tec+\u2122 Zero System is easy to use with all captive parts and only one set screw, making zeroing quick and simple. Once set, it also allows for more travel.<\/span><\/div>\n<div class=\"feature-item\"><strong><span class=\"label\">HD Optical System<\/span><\/strong><br \/>\n<span class=\"value\">Optimized with select glass elements to deliver exceptional resolution, cut chromatic aberration and provide outstanding color fidelity, edge-to-edge sharpness and light transmission.<\/span><\/div>\n<div class=\"feature-item\"><strong><span class=\"label\">Micro Adjust Zero Setting<\/span><\/strong><br \/>\n<span class=\"value\">Infinite zero setting positions allow zero to be set between clicks for optimal accuracy.<\/span><\/div>\n<div class=\"feature-item\"><strong><span class=\"label\">External Rotation Indicator<\/span><\/strong><br \/>\n<span class=\"value\">Provides quick visual and tactile reference of elevation turret&#8217;s rotational position.<\/span><\/div>\n<div class=\"feature-item\"><strong><span class=\"label\">XR\u2122 Plus Fully Multi-Coated<\/span><\/strong><br \/>\n<span class=\"value\">Ultimate anti-reflective coatings on all air-to-glass surfaces provide maximum light transmission for peak clarity and the pinnacle of low-light performance.<\/span><\/div>\n<div class=\"feature-item\"><strong><span class=\"label\">Optically Indexed Lenses<br \/>\n<\/span><\/strong><span class=\"value\">Optimize image sharpness and brightness from edge to edge.<\/span><\/div>\n<div class=\"feature-item\"><strong><span class=\"label\">Plasma Tech<\/span><\/strong><br \/>\n<span class=\"value\">Cutting edge coating application process provides unparalleled coating durability and performance<\/span><\/div>\n<div class=\"feature-item\"><strong><span class=\"label\">Glass-Etched Reticle<\/span><\/strong><br \/>\n<span class=\"value\">Allows for intricate reticle design. Protected between two layers of glass for optimum durability and reliability.<\/span><\/div>\n<div class=\"feature-item\"><strong><span class=\"label\">Aircraft-Grade Aluminum<\/span><\/strong><br \/>\n<span class=\"value\">Constructed from a solid block of aircraft-grade aluminum for strength and rigidity.<\/span><\/div>\n<div class=\"feature-item\"><strong><span class=\"label\">ArmorTek \u00ae<\/span><\/strong><br \/>\n<span class=\"value\">Ultra-hard, scratch-resistant coating protects exterior lenses from scratches, oil and dirt.<\/span><\/div>\n<div class=\"feature-item\"><strong><span class=\"label\">Hard Anodized Stealth Shadow Finish<\/span><\/strong><br \/>\n<span class=\"value\">Highly durable hard-coat anodization provides a low-glare matte surface and helps camouflage the shooter&#8217;s position.<\/span><\/div>\n<div class=\"feature-item\"><strong><span class=\"label\">Locking Side Illumination<\/span><\/strong><br \/>\n<span class=\"value\">Easily accessible and lockable illumination dial is located on the left side of turret housing. Features eleven intensity levels of illumination with off positions between each setting.<\/span><\/div>\n<div class=\"feature-item\"><strong><span class=\"label\">Waterproof<\/span><br \/>\n<\/strong><span class=\"value\">O-ring seals prevent moisture, dust and debris from penetrating for reliable performance in all environments.<\/span><\/div>\n<div class=\"feature-item\"><strong><span class=\"label\">Shockproof<\/span><\/strong><br \/>\n<span class=\"value\">Rugged construction withstands recoil and impact.<\/span><\/div>\n<div class=\"feature-item\"><strong><span class=\"label\">Fogproof<\/span><\/strong><br \/>\n<span class=\"value\"><span class=\"value\"><span class=\"value\">Argon gas purging prevents internal fogging over a wide range of temperatures.<\/span><\/span><\/span><\/div>\n<\/div>\n<div>Product SKU: RZR-63602<\/div>\n<p>&nbsp;<\/p>\n<p>&nbsp;<\/p>\n<p class=\"responsive-video-wrap clr\"><iframe title=\"Razor\u00ae HD Gen III 6-36x56 FFP Riflescope Unboxing\" width=\"1200\" height=\"675\" src=\"https:\/\/www.youtube.com\/embed\/C5rj5xCaDP8?feature=oembed\" frameborder=\"0\" allow=\"accelerometer; autoplay; clipboard-write; encrypted-media; gyroscope; picture-in-picture; web-share\" referrerpolicy=\"strict-origin-when-cross-origin\" allowfullscreen><\/iframe><\/p>\n<p>&nbsp;<\/p>\n<p>&nbsp;<\/p>\n<p class=\"responsive-video-wrap clr\"><iframe title=\"How to use the EBR-7D First Focal Plane Reticle\" width=\"1200\" height=\"675\" src=\"https:\/\/www.youtube.com\/embed\/ker0GWbBO7A?feature=oembed\" frameborder=\"0\" allow=\"accelerometer; autoplay; clipboard-write; encrypted-media; gyroscope; picture-in-picture; web-share\" referrerpolicy=\"strict-origin-when-cross-origin\" allowfullscreen><\/iframe><\/p>\n<p>&nbsp;<\/p>\n<p class=\"responsive-video-wrap clr\"><iframe title=\"Razor\u00ae HD Gen III 6-36x56 FFP vs Razor\u00ae HD Gen II 4.5-27x56 FFP \u2013 FAQ\" width=\"1200\" height=\"675\" src=\"https:\/\/www.youtube.com\/embed\/BbfpxBLsu34?feature=oembed\" frameborder=\"0\" allow=\"accelerometer; autoplay; clipboard-write; encrypted-media; gyroscope; picture-in-picture; web-share\" referrerpolicy=\"strict-origin-when-cross-origin\" allowfullscreen><\/iframe><\/p>\n<p>&nbsp;<\/p>\n<p>&nbsp;<\/p>\n<p class=\"responsive-video-wrap clr\"><iframe title=\"Razor\u00ae HD Gen III 6-36x56 FFP Riflescope \u2013 Product Overview\" width=\"1200\" height=\"675\" src=\"https:\/\/www.youtube.com\/embed\/jF0HRRW6wc0?feature=oembed\" frameborder=\"0\" allow=\"accelerometer; autoplay; clipboard-write; encrypted-media; gyroscope; picture-in-picture; web-share\" referrerpolicy=\"strict-origin-when-cross-origin\" allowfullscreen><\/iframe><\/p>\n<p>&nbsp;<\/p>\n<p class=\"responsive-video-wrap clr\"><iframe title=\"How to use the L-Tec+\u2122 Zero System\" width=\"1200\" height=\"675\" src=\"https:\/\/www.youtube.com\/embed\/y9BmnUCVQok?feature=oembed\" frameborder=\"0\" allow=\"accelerometer; autoplay; clipboard-write; encrypted-media; gyroscope; picture-in-picture; web-share\" referrerpolicy=\"strict-origin-when-cross-origin\" allowfullscreen><\/iframe><\/p>\n<p>&nbsp;<\/p>\n<p>&nbsp;<\/p>\n<p>&nbsp;<\/p>\n<p>&nbsp;<\/p>\n<p>&nbsp;<\/p>\n","protected":false},"excerpt":{"rendered":"<p>Built around the perfect balance of magnification and field of view, the Razor<sup>\u00ae<\/sup> Gen III 6- 36&#215;56 FFP delivers the resolution and contrast you need for long-range, tactical shooting. To get the absolute most out of the first focal plane reticle, the EBR-7D presents a clean sight picture while still providing ample wind holds and ranging information. Round it out with a rugged build and you have the long-range, tactical solution you\u2019ve been waiting for.<\/p>\n<p><span style=\"color: red;\"><strong>ILMAINEN RAHTI T\u00c4LLE TUOTTEELLE, K\u00c4YT\u00c4 ALENNUSKOODIA: RAHTI-RAZOR<span class=\"ILfuVd\" lang=\"en\"><span class=\"hgKElc\"><b><br \/>\n<\/b><\/span><\/span><\/strong><\/span><\/p>\n<p>Tarvitseko samalla kunnon jalustan? Meilt\u00e4 saat Spuhr (Paras ) ja Vortex ( erinomainen hinta- \/laatusuhde) jalustat.<\/p>\n<p><span style=\"color: red;\">Please ask for a quote combining this riflescope with <a href=\"https:\/\/mildot.fi\/index.php\/product-category\/spuhr\/34mm-runkoputki-spuhr\/\">Spuhr ISMS mounts<\/a><\/span>. This is the perfect setup for the demanding shooter that wants the best.<\/p>\n<p>Do you wonder how high scope mount you will need? Try our <a href=\"https:\/\/mildot.fi\/index.php\/mildot-ring-height-calculator\/\">scope mount height calculator, <\/a>feel free to call or email us if you still have any questions.<\/p>\n<p>Toimitusaika on yleens\u00e4 alle viikko, soita niin tarkistan mielell\u00e4\u00e4n tilanteen,<\/p>\n","protected":false},"featured_media":9811,"comment_status":"open","ping_status":"closed","template":"","meta":{"ocean_post_layout":"","ocean_both_sidebars_style":"","ocean_both_sidebars_content_width":0,"ocean_both_sidebars_sidebars_width":0,"ocean_sidebar":"0","ocean_second_sidebar":"0","ocean_disable_margins":"enable","ocean_add_body_class":"","ocean_shortcode_before_top_bar":"","ocean_shortcode_after_top_bar":"","ocean_shortcode_before_header":"","ocean_shortcode_after_header":"","ocean_has_shortcode":"","ocean_shortcode_after_title":"","ocean_shortcode_before_footer_widgets":"","ocean_shortcode_after_footer_widgets":"","ocean_shortcode_before_footer_bottom":"","ocean_shortcode_after_footer_bottom":"","ocean_display_top_bar":"default","ocean_display_header":"default","ocean_header_style":"","ocean_center_header_left_menu":"0","ocean_custom_header_template":"0","ocean_custom_logo":0,"ocean_custom_retina_logo":0,"ocean_custom_logo_max_width":0,"ocean_custom_logo_tablet_max_width":0,"ocean_custom_logo_mobile_max_width":0,"ocean_custom_logo_max_height":0,"ocean_custom_logo_tablet_max_height":0,"ocean_custom_logo_mobile_max_height":0,"ocean_header_custom_menu":"0","ocean_menu_typo_font_family":"0","ocean_menu_typo_font_subset":"","ocean_menu_typo_font_size":0,"ocean_menu_typo_font_size_tablet":0,"ocean_menu_typo_font_size_mobile":0,"ocean_menu_typo_font_size_unit":"px","ocean_menu_typo_font_weight":"","ocean_menu_typo_font_weight_tablet":"","ocean_menu_typo_font_weight_mobile":"","ocean_menu_typo_transform":"","ocean_menu_typo_transform_tablet":"","ocean_menu_typo_transform_mobile":"","ocean_menu_typo_line_height":0,"ocean_menu_typo_line_height_tablet":0,"ocean_menu_typo_line_height_mobile":0,"ocean_menu_typo_line_height_unit":"","ocean_menu_typo_spacing":0,"ocean_menu_typo_spacing_tablet":0,"ocean_menu_typo_spacing_mobile":0,"ocean_menu_typo_spacing_unit":"","ocean_menu_link_color":"","ocean_menu_link_color_hover":"","ocean_menu_link_color_active":"","ocean_menu_link_background":"","ocean_menu_link_hover_background":"","ocean_menu_link_active_background":"","ocean_menu_social_links_bg":"","ocean_menu_social_hover_links_bg":"","ocean_menu_social_links_color":"","ocean_menu_social_hover_links_color":"","ocean_disable_title":"default","ocean_disable_heading":"default","ocean_post_title":"","ocean_post_subheading":"","ocean_post_title_style":"","ocean_post_title_background_color":"","ocean_post_title_background":0,"ocean_post_title_bg_image_position":"","ocean_post_title_bg_image_attachment":"","ocean_post_title_bg_image_repeat":"","ocean_post_title_bg_image_size":"","ocean_post_title_height":0,"ocean_post_title_bg_overlay":0.5,"ocean_post_title_bg_overlay_color":"","ocean_disable_breadcrumbs":"default","ocean_breadcrumbs_color":"","ocean_breadcrumbs_separator_color":"","ocean_breadcrumbs_links_color":"","ocean_breadcrumbs_links_hover_color":"","ocean_display_footer_widgets":"default","ocean_display_footer_bottom":"default","ocean_custom_footer_template":"0","jetpack_publicize_message":"","jetpack_publicize_feature_enabled":true,"jetpack_social_post_already_shared":true,"jetpack_social_options":{"image_generator_settings":{"template":"highway","default_image_id":0,"font":"","enabled":false},"version":2}},"pwb-brand":[543],"product_brand":[],"product_cat":[18,17,126],"product_tag":[2420,2421,314,2419,2190,24,21,3346,20],"class_list":{"0":"post-9796","1":"product","2":"type-product","3":"status-publish","4":"has-post-thumbnail","6":"pwb-brand-vortex","7":"product_cat-kiikaritahtaimet","8":"product_cat-optiikka","9":"product_cat-vortex-optics","10":"product_tag-6-36x","11":"product_tag-ebr-7d","12":"product_tag-ffp","13":"product_tag-hd-iii","14":"product_tag-kiikarintahtain","15":"product_tag-mrad","16":"product_tag-razor","17":"product_tag-rzr-63602","18":"product_tag-vortex","20":"entry","21":"has-media","23":"first","24":"instock","25":"sale","26":"taxable","27":"shipping-taxable","28":"purchasable","29":"product-type-simple","30":"has-product-nav","31":"col","32":"span_1_of_4","33":"owp-content-center","34":"owp-thumbs-layout-horizontal","35":"owp-btn-normal","36":"owp-tabs-layout-horizontal"},"jetpack_publicize_connections":[],"jetpack_sharing_enabled":true,"brands":[{"id":543,"name":"Vortex","slug":"vortex"}],"_links":{"self":[{"href":"https:\/\/mildot.fi\/index.php\/wp-json\/wp\/v2\/product\/9796","targetHints":{"allow":["GET"]}}],"collection":[{"href":"https:\/\/mildot.fi\/index.php\/wp-json\/wp\/v2\/product"}],"about":[{"href":"https:\/\/mildot.fi\/index.php\/wp-json\/wp\/v2\/types\/product"}],"replies":[{"embeddable":true,"href":"https:\/\/mildot.fi\/index.php\/wp-json\/wp\/v2\/comments?post=9796"}],"wp:featuredmedia":[{"embeddable":true,"href":"https:\/\/mildot.fi\/index.php\/wp-json\/wp\/v2\/media\/9811"}],"wp:attachment":[{"href":"https:\/\/mildot.fi\/index.php\/wp-json\/wp\/v2\/media?parent=9796"}],"wp:term":[{"taxonomy":"pwb-brand","embeddable":true,"href":"https:\/\/mildot.fi\/index.php\/wp-json\/wp\/v2\/pwb-brand?post=9796"},{"taxonomy":"product_brand","embeddable":true,"href":"https:\/\/mildot.fi\/index.php\/wp-json\/wp\/v2\/product_brand?post=9796"},{"taxonomy":"product_cat","embeddable":true,"href":"https:\/\/mildot.fi\/index.php\/wp-json\/wp\/v2\/product_cat?post=9796"},{"taxonomy":"product_tag","embeddable":true,"href":"https:\/\/mildot.fi\/index.php\/wp-json\/wp\/v2\/product_tag?post=9796"}],"curies":[{"name":"wp","href":"https:\/\/api.w.org\/{rel}","templated":true}]}}