{"id":9745,"date":"2022-01-04T11:00:35","date_gmt":"2022-01-04T09:00:35","guid":{"rendered":"https:\/\/mildot.fi\/?post_type=product&#038;p=9745"},"modified":"2025-07-20T15:18:34","modified_gmt":"2025-07-20T13:18:34","slug":"3m-dual-lock","status":"publish","type":"product","link":"https:\/\/mildot.fi\/index.php\/product\/3m-dual-lock\/","title":{"rendered":"3M Dual lock &#8211; Tarranauha &#8211; 20cm"},"content":{"rendered":"<p><strong>3M Dual Lock tarranauha on uudelleensuljettava kiinnitysratkaisu, jossa on sienen muotoiset tapit ja jonka taustalla on akryyliima. Avattavissa ja suljettavissa 1000 kertaa ennen kuin menett\u00e4\u00e4 50 % alkuper\u00e4isest\u00e4 vetolujuudestaan!<\/strong><\/p>\n<p>Uudelleensuljettava 3M\u2122 Dual Lock\u2122 -kiinnitinnauha SJ3550 ratkaisee kiinnitysongelmat ilman erikoisty\u00f6kaluja, porausta, ruuvausta, kirityst\u00e4 tai monimutkaisia mekaanisia kiinnitysj\u00e4rjestelmi\u00e4. Uudelleensuljettavissa kiinnitinnauhassa on akryyliliima, joka kiinnittyy hyvin erilaisiin korkean ja keskisuuren pintaenergian materiaaleihin, kuten tiettyihin muoveihin, metalliin, lasiin ja maalatuille pinnoille. T\u00e4m\u00e4n ansiosta sill\u00e4 voidaan kiinnitt\u00e4\u00e4 ovia, paneeleita, kylttej\u00e4, n\u00e4yt\u00f6n osia ja monia muita usein avattavia ja suljettavia osia, ja kiinnityslujuus v\u00e4henee vain v\u00e4h\u00e4n ajan my\u00f6t\u00e4.\u00a0Liima kiinnittyy nopeasti ja saavuttaa t\u00e4yden lujuutensa 72 tunnin j\u00e4lkeen. Tarranauhan toisella puolella on 40 sienen muotoista tappia yhdell\u00e4 neli\u00f6senttimetrill\u00e4. Suljettuna sen paksuus on 5,8 mm ja sen pitk\u00e4aikainen k\u00e4ytt\u00f6l\u00e4mp\u00f6tila-alue on \u201330\u201370 \u00b0C (lyhytaikainen ylin l\u00e4mp\u00f6tila +95 \u00b0C ), ja sit\u00e4 voidaan k\u00e4ytt\u00e4\u00e4 sis\u00e4- ja ulkotiloissa.<\/p>\n<p>Yhdell\u00e4 pienell\u00e4 lukitussienell\u00e4 ei ole paljoa merkityst\u00e4 t\u00e4ss\u00e4 maailmassa, mutta yhdess\u00e4 muiden samanlaisten kanssa siit\u00e4 tulee voittamaton. Tiimity\u00f6skentely on uudelleensuljettavan 3M\u2122 Dual Lock\u2122 -kiinnitinnauhan SJ3550 taustalla oleva idea. Kun sienen muotoiset kannat toimivat yhdess\u00e4, ne muodostavat lukituksen toistensa kanssa ja antavat viisinkertaisen vetolujuuden tyypillisiin tarranauhakiinnittimiin verrattuna, mutta s\u00e4ilytt\u00e4v\u00e4t silti kykyns\u00e4 irrota helposti, mik\u00e4 nopeuttaa k\u00e4ytt\u00f6\u00e4.<\/p>\n<p>Kun kaksi osaa painetaan yhteen, kannat joustavat ja sienen muotoiset p\u00e4\u00e4t liukuvat toistensa lomitse. Kiinnittymisen j\u00e4lkeen kanta napsahtaa takaisin alkuper\u00e4iseen asentoonsa ja lukittuu vastakkaisten p\u00e4iden kanssa napsahtamalla, mik\u00e4 ilmaisee, ett\u00e4 kiinnitin on sulkeutunut. T\u00e4m\u00e4n j\u00e4rjestelm\u00e4n voi avata ja sulkea 1000 kertaa, ennen kuin se menett\u00e4\u00e4 50 % alkuper\u00e4isest\u00e4 vetolujuudestaan.<\/p>\n<p>Tapit, sienihatut ja kalvotausta on valmistettu polypropeenista, ja vahva polyolefiinirunko kest\u00e4\u00e4 yleisi\u00e4 liuottimia ja em\u00e4ksisi\u00e4 liuoksia, joten ne sopivat hyvin erilaisiin k\u00e4ytt\u00f6tarkoituksiin ja -ymp\u00e4rist\u00f6ihin. Kiinnitint\u00e4 suositellaan k\u00e4ytett\u00e4v\u00e4ksi \u201330\u201370 \u00b0C:n k\u00e4ytt\u00f6l\u00e4mp\u00f6tiloissa (lyhytaikainen l\u00e4mp\u00f6tilankesto on +95 \u00b0C). N\u00e4m\u00e4 kiinnittimet eiv\u00e4t n\u00e4y, kun ne on kiinnitetty, ne mahdollistavat siistin, ehe\u00e4n pinnan ja pysyv\u00e4t lujina yli 1000:n avaus- ja suljentakerran j\u00e4lkeen.<\/p>\n<p>SJ3550-kiinnitinnauhan taustalla on akryylivaahtoteippi, jota suojaa irrotettava taustapaperi. T\u00e4m\u00e4 rakenne mahdollistaa paremman kontaktin pintoihin, joissa on liev\u00e4\u00e4 tekstuuria tai ep\u00e4tasaisuutta<\/p>\n<p>Soveltuu k\u00e4ytett\u00e4v\u00e4ksi metalleihin (alumiini, ruostumaton ter\u00e4s), lasiin, korkean pintaenergian muoveihin (akryyli, polykarbonaatti, ABS) ja maalattuihin pintoihin, voidaan k\u00e4ytt\u00e4\u00e4 kiinnitykseen sis\u00e4- ja ulkotiloissa.<\/p>\n","protected":false},"excerpt":{"rendered":"<p>Myyd\u00e4\u00e4n <strong>yksipuolisena<\/strong> 20cm eriss\u00e4.<br \/>\nJos tarvitset 10cm kiinnityspituutta niin tilaat 1 kpl 20cm.<br \/>\nJa vaatavasti tilaamalla\u00a0 3kpl niin saat 3x20cm = 60cm tarranauhaa ja sill\u00e4 kiinnit\u00e4t 30cm.<\/p>\n<p>Ei palautus oikeutta koska tuote leikataan m\u00e4\u00e4r\u00e4mittaiseksi.<\/p>\n","protected":false},"featured_media":9746,"comment_status":"open","ping_status":"closed","template":"","meta":{"ocean_post_layout":"","ocean_both_sidebars_style":"","ocean_both_sidebars_content_width":0,"ocean_both_sidebars_sidebars_width":0,"ocean_sidebar":"0","ocean_second_sidebar":"0","ocean_disable_margins":"enable","ocean_add_body_class":"","ocean_shortcode_before_top_bar":"","ocean_shortcode_after_top_bar":"","ocean_shortcode_before_header":"","ocean_shortcode_after_header":"","ocean_has_shortcode":"","ocean_shortcode_after_title":"","ocean_shortcode_before_footer_widgets":"","ocean_shortcode_after_footer_widgets":"","ocean_shortcode_before_footer_bottom":"","ocean_shortcode_after_footer_bottom":"","ocean_display_top_bar":"default","ocean_display_header":"default","ocean_header_style":"","ocean_center_header_left_menu":"0","ocean_custom_header_template":"0","ocean_custom_logo":0,"ocean_custom_retina_logo":0,"ocean_custom_logo_max_width":0,"ocean_custom_logo_tablet_max_width":0,"ocean_custom_logo_mobile_max_width":0,"ocean_custom_logo_max_height":0,"ocean_custom_logo_tablet_max_height":0,"ocean_custom_logo_mobile_max_height":0,"ocean_header_custom_menu":"0","ocean_menu_typo_font_family":"0","ocean_menu_typo_font_subset":"","ocean_menu_typo_font_size":0,"ocean_menu_typo_font_size_tablet":0,"ocean_menu_typo_font_size_mobile":0,"ocean_menu_typo_font_size_unit":"px","ocean_menu_typo_font_weight":"","ocean_menu_typo_font_weight_tablet":"","ocean_menu_typo_font_weight_mobile":"","ocean_menu_typo_transform":"","ocean_menu_typo_transform_tablet":"","ocean_menu_typo_transform_mobile":"","ocean_menu_typo_line_height":0,"ocean_menu_typo_line_height_tablet":0,"ocean_menu_typo_line_height_mobile":0,"ocean_menu_typo_line_height_unit":"","ocean_menu_typo_spacing":0,"ocean_menu_typo_spacing_tablet":0,"ocean_menu_typo_spacing_mobile":0,"ocean_menu_typo_spacing_unit":"","ocean_menu_link_color":"","ocean_menu_link_color_hover":"","ocean_menu_link_color_active":"","ocean_menu_link_background":"","ocean_menu_link_hover_background":"","ocean_menu_link_active_background":"","ocean_menu_social_links_bg":"","ocean_menu_social_hover_links_bg":"","ocean_menu_social_links_color":"","ocean_menu_social_hover_links_color":"","ocean_disable_title":"default","ocean_disable_heading":"default","ocean_post_title":"","ocean_post_subheading":"","ocean_post_title_style":"","ocean_post_title_background_color":"","ocean_post_title_background":0,"ocean_post_title_bg_image_position":"","ocean_post_title_bg_image_attachment":"","ocean_post_title_bg_image_repeat":"","ocean_post_title_bg_image_size":"","ocean_post_title_height":0,"ocean_post_title_bg_overlay":0.5,"ocean_post_title_bg_overlay_color":"","ocean_disable_breadcrumbs":"default","ocean_breadcrumbs_color":"","ocean_breadcrumbs_separator_color":"","ocean_breadcrumbs_links_color":"","ocean_breadcrumbs_links_hover_color":"","ocean_display_footer_widgets":"default","ocean_display_footer_bottom":"default","ocean_custom_footer_template":"0","jetpack_publicize_message":"","jetpack_publicize_feature_enabled":true,"jetpack_social_post_already_shared":true,"jetpack_social_options":{"image_generator_settings":{"template":"highway","default_image_id":0,"font":"","enabled":false},"version":2}},"pwb-brand":[],"product_brand":[],"product_cat":[233,136],"product_tag":[2417,2418,2261],"class_list":{"0":"post-9745","1":"product","2":"type-product","3":"status-publish","4":"has-post-thumbnail","6":"product_cat-tekstiilit","7":"product_cat-tyokalut-ja-pientuotteet","8":"product_tag-3m","9":"product_tag-dual-lock","10":"product_tag-tarranauha","12":"entry","13":"has-media","15":"first","16":"instock","17":"taxable","18":"shipping-taxable","19":"purchasable","20":"product-type-simple","21":"has-product-nav","22":"col","23":"span_1_of_4","24":"owp-content-center","25":"owp-thumbs-layout-horizontal","26":"owp-btn-normal","27":"owp-tabs-layout-horizontal","28":"has-no-thumbnails"},"jetpack_publicize_connections":[],"jetpack_sharing_enabled":true,"brands":[],"_links":{"self":[{"href":"https:\/\/mildot.fi\/index.php\/wp-json\/wp\/v2\/product\/9745","targetHints":{"allow":["GET"]}}],"collection":[{"href":"https:\/\/mildot.fi\/index.php\/wp-json\/wp\/v2\/product"}],"about":[{"href":"https:\/\/mildot.fi\/index.php\/wp-json\/wp\/v2\/types\/product"}],"replies":[{"embeddable":true,"href":"https:\/\/mildot.fi\/index.php\/wp-json\/wp\/v2\/comments?post=9745"}],"wp:featuredmedia":[{"embeddable":true,"href":"https:\/\/mildot.fi\/index.php\/wp-json\/wp\/v2\/media\/9746"}],"wp:attachment":[{"href":"https:\/\/mildot.fi\/index.php\/wp-json\/wp\/v2\/media?parent=9745"}],"wp:term":[{"taxonomy":"pwb-brand","embeddable":true,"href":"https:\/\/mildot.fi\/index.php\/wp-json\/wp\/v2\/pwb-brand?post=9745"},{"taxonomy":"product_brand","embeddable":true,"href":"https:\/\/mildot.fi\/index.php\/wp-json\/wp\/v2\/product_brand?post=9745"},{"taxonomy":"product_cat","embeddable":true,"href":"https:\/\/mildot.fi\/index.php\/wp-json\/wp\/v2\/product_cat?post=9745"},{"taxonomy":"product_tag","embeddable":true,"href":"https:\/\/mildot.fi\/index.php\/wp-json\/wp\/v2\/product_tag?post=9745"}],"curies":[{"name":"wp","href":"https:\/\/api.w.org\/{rel}","templated":true}]}}