{"id":9048,"date":"2021-08-21T07:32:56","date_gmt":"2021-08-21T05:32:56","guid":{"rendered":"https:\/\/mildot.fi\/?post_type=product&#038;p=9048"},"modified":"2022-02-17T05:56:05","modified_gmt":"2022-02-17T03:56:05","slug":"latauksenestopuikko-ja-lippu","status":"publish","type":"product","link":"https:\/\/mildot.fi\/index.php\/product\/latauksenestopuikko-ja-lippu\/","title":{"rendered":"Latauksenestopuikko +lippu"},"content":{"rendered":"<p>Myyd\u00e4\u00e4n kappeletain.<\/p>\n<p>Latauksenestopuikkoja l\u00f6ytyy kaksi kokoa:<br \/>\nLyhempi puikko on tarkoitettu 22LR, ja pidempi versio kaikkille sen isomille, puikon taivutettu muodon vuoksi se toimii hyvin jopa haulikossa.<\/p>\n<p>Jos k\u00e4yt\u00e4t\u00e4t puikkoa puoliautomaattiaseessa tai vastaavissa rakenteissa aseissa niin muista saattaa liikuvat osat eteen lep\u00e4\u00e4m\u00e4\u00e4n puikkoa vasten. Varsinkin pakkaskelill\u00e4 niin muovinen puikko ei kest\u00e4 ett\u00e4 liikkuvat osat tulevat t\u00e4ysin omalla voimalla eteen.<\/p>\n<p>Jos usein ammut t\u00e4yslippaallisen niin ett\u00e4 piippu konnolla hehkuu l\u00e4mp\u00f6\u00e4 niin puikon voi suosiolla osoittaa alas lipaskuiluun.<\/p>\n<p>Jos tilaat ainoastaan 1-5kpl lt\u00e4t\u00e4 tuotetta niin l\u00e4het\u00e4n ne kirjekuoressa, silloin rahti on vain 5\u20ac, korjaan rahtihinnan manuaalisesti ennen kun l\u00e4het\u00e4n laskun.<\/p>\n","protected":false},"excerpt":{"rendered":"<p>140x30mm kokoinen punainen tekstiililippu<\/p>\n<p>Etupuolella teksti: REMOVE BEFORE PEW PEW<br \/>\nTakapuolella : MILDOT FINLAND<\/p>\n","protected":false},"featured_media":9049,"comment_status":"open","ping_status":"closed","template":"","meta":{"ocean_post_layout":"","ocean_both_sidebars_style":"","ocean_both_sidebars_content_width":0,"ocean_both_sidebars_sidebars_width":0,"ocean_sidebar":"0","ocean_second_sidebar":"0","ocean_disable_margins":"enable","ocean_add_body_class":"","ocean_shortcode_before_top_bar":"","ocean_shortcode_after_top_bar":"","ocean_shortcode_before_header":"","ocean_shortcode_after_header":"","ocean_has_shortcode":"","ocean_shortcode_after_title":"","ocean_shortcode_before_footer_widgets":"","ocean_shortcode_after_footer_widgets":"","ocean_shortcode_before_footer_bottom":"","ocean_shortcode_after_footer_bottom":"","ocean_display_top_bar":"default","ocean_display_header":"default","ocean_header_style":"","ocean_center_header_left_menu":"0","ocean_custom_header_template":"0","ocean_custom_logo":0,"ocean_custom_retina_logo":0,"ocean_custom_logo_max_width":0,"ocean_custom_logo_tablet_max_width":0,"ocean_custom_logo_mobile_max_width":0,"ocean_custom_logo_max_height":0,"ocean_custom_logo_tablet_max_height":0,"ocean_custom_logo_mobile_max_height":0,"ocean_header_custom_menu":"0","ocean_menu_typo_font_family":"0","ocean_menu_typo_font_subset":"","ocean_menu_typo_font_size":0,"ocean_menu_typo_font_size_tablet":0,"ocean_menu_typo_font_size_mobile":0,"ocean_menu_typo_font_size_unit":"px","ocean_menu_typo_font_weight":"","ocean_menu_typo_font_weight_tablet":"","ocean_menu_typo_font_weight_mobile":"","ocean_menu_typo_transform":"","ocean_menu_typo_transform_tablet":"","ocean_menu_typo_transform_mobile":"","ocean_menu_typo_line_height":0,"ocean_menu_typo_line_height_tablet":0,"ocean_menu_typo_line_height_mobile":0,"ocean_menu_typo_line_height_unit":"","ocean_menu_typo_spacing":0,"ocean_menu_typo_spacing_tablet":0,"ocean_menu_typo_spacing_mobile":0,"ocean_menu_typo_spacing_unit":"","ocean_menu_link_color":"","ocean_menu_link_color_hover":"","ocean_menu_link_color_active":"","ocean_menu_link_background":"","ocean_menu_link_hover_background":"","ocean_menu_link_active_background":"","ocean_menu_social_links_bg":"","ocean_menu_social_hover_links_bg":"","ocean_menu_social_links_color":"","ocean_menu_social_hover_links_color":"","ocean_disable_title":"default","ocean_disable_heading":"default","ocean_post_title":"","ocean_post_subheading":"","ocean_post_title_style":"","ocean_post_title_background_color":"","ocean_post_title_background":0,"ocean_post_title_bg_image_position":"","ocean_post_title_bg_image_attachment":"","ocean_post_title_bg_image_repeat":"","ocean_post_title_bg_image_size":"","ocean_post_title_height":0,"ocean_post_title_bg_overlay":0.5,"ocean_post_title_bg_overlay_color":"","ocean_disable_breadcrumbs":"default","ocean_breadcrumbs_color":"","ocean_breadcrumbs_separator_color":"","ocean_breadcrumbs_links_color":"","ocean_breadcrumbs_links_hover_color":"","ocean_display_footer_widgets":"default","ocean_display_footer_bottom":"default","ocean_custom_footer_template":"0","jetpack_publicize_message":"","jetpack_publicize_feature_enabled":true,"jetpack_social_post_already_shared":true,"jetpack_social_options":{"image_generator_settings":{"template":"highway","default_image_id":0,"font":"","enabled":false},"version":2}},"pwb-brand":[570],"product_brand":[],"product_cat":[162,269,136],"product_tag":[827,826,263,267,266,293,265,98,264,292],"class_list":{"0":"post-9048","1":"product","2":"type-product","3":"status-publish","4":"has-post-thumbnail","6":"pwb-brand-mildot","7":"product_cat-mildot","8":"product_cat-muut-tuotteet","9":"product_cat-tyokalut-ja-pientuotteet","10":"product_tag-avaimenpera","11":"product_tag-avainpera","12":"product_tag-chamber-flag","13":"product_tag-empty","14":"product_tag-flag","15":"product_tag-latauksen-esto","16":"product_tag-lippu","17":"product_tag-mildot","18":"product_tag-remove-before-pew-pew","19":"product_tag-tyhja-patruunapesa","21":"entry","22":"has-media","24":"first","25":"instock","26":"taxable","27":"shipping-taxable","28":"purchasable","29":"product-type-variable","30":"has-product-nav","31":"col","32":"span_1_of_4","33":"owp-content-center","34":"owp-thumbs-layout-horizontal","35":"owp-btn-normal","36":"owp-tabs-layout-horizontal"},"jetpack_publicize_connections":[],"jetpack_sharing_enabled":true,"brands":[{"id":570,"name":"Mildot","slug":"mildot"}],"_links":{"self":[{"href":"https:\/\/mildot.fi\/index.php\/wp-json\/wp\/v2\/product\/9048","targetHints":{"allow":["GET"]}}],"collection":[{"href":"https:\/\/mildot.fi\/index.php\/wp-json\/wp\/v2\/product"}],"about":[{"href":"https:\/\/mildot.fi\/index.php\/wp-json\/wp\/v2\/types\/product"}],"replies":[{"embeddable":true,"href":"https:\/\/mildot.fi\/index.php\/wp-json\/wp\/v2\/comments?post=9048"}],"wp:featuredmedia":[{"embeddable":true,"href":"https:\/\/mildot.fi\/index.php\/wp-json\/wp\/v2\/media\/9049"}],"wp:attachment":[{"href":"https:\/\/mildot.fi\/index.php\/wp-json\/wp\/v2\/media?parent=9048"}],"wp:term":[{"taxonomy":"pwb-brand","embeddable":true,"href":"https:\/\/mildot.fi\/index.php\/wp-json\/wp\/v2\/pwb-brand?post=9048"},{"taxonomy":"product_brand","embeddable":true,"href":"https:\/\/mildot.fi\/index.php\/wp-json\/wp\/v2\/product_brand?post=9048"},{"taxonomy":"product_cat","embeddable":true,"href":"https:\/\/mildot.fi\/index.php\/wp-json\/wp\/v2\/product_cat?post=9048"},{"taxonomy":"product_tag","embeddable":true,"href":"https:\/\/mildot.fi\/index.php\/wp-json\/wp\/v2\/product_tag?post=9048"}],"curies":[{"name":"wp","href":"https:\/\/api.w.org\/{rel}","templated":true}]}}