{"id":8975,"date":"2021-08-07T16:58:45","date_gmt":"2021-08-07T14:58:45","guid":{"rendered":"https:\/\/mildot.fi\/?post_type=product&#038;p=8975"},"modified":"2023-09-15T08:38:01","modified_gmt":"2023-09-15T06:38:01","slug":"pidennysjalat-maalitaulujen-telineelle-mildot","status":"publish","type":"product","link":"https:\/\/mildot.fi\/index.php\/product\/pidennysjalat-maalitaulujen-telineelle-mildot\/","title":{"rendered":"Pidennysjalat metallimaalitaulujen telineelle &#8211; MILDOT"},"content":{"rendered":"<p>Pidennysjalkojen avullla saat (erikseen ostettava ) maalitaulutelineen korkeamalle, t\u00e4m\u00e4 on k\u00e4tev\u00e4\u00e4 lis\u00e4osa esimerkiksi lumihangessa, hiekassa, tai paikoissa jossa maalialue on syvennyksess\u00e4 tai pienen suojavallin takana, ja on helppo pujottaa paikolleen.<\/p>\n<p>12mm harjater\u00e4ksest\u00e4 valmistettu pidennysjalat maalitaulutelineelle.<br \/>\nNoin metrin pituiset pidennysjalat tuovat 65cm lis\u00e4\u00e4 korkeuutta, yhteens\u00e4 noin 140cm tilaa maalitauluille.<\/p>\n<p>Kotimaista tuotantoa, osta ne suoraan meilt\u00e4.<\/p>\n<p>Vinkki: kun asennat pidennysjalat paikkalleen niin aseta holkki &#8220;piillon&#8221; ampumasuunnasta katsoen, niin on helpompi purkaa teline kun olet valmis vaikka teline olisi saanut osuman juuri kiinnityskohtaan.<\/p>\n<p>&nbsp;<\/p>\n","protected":false},"excerpt":{"rendered":"<p>Kotimaista k\u00e4sity\u00f6t\u00e4.<br \/>\n12mm harjater\u00e4ksest\u00e4 valmistettu pidennysjalat maalitaulutelineelle.<\/p>\n<p>Harjater\u00e4ksest\u00e4 valmistettu metallimaalitaulutelineess\u00e4 on monta hyv\u00e4\u00e4 etua verrattuna puukehykseen:<\/p>\n<p>* Pakkautuu kuljetusta varten hyvin pineen tilaan, noin 105x10x6cm. K\u00e4tev\u00e4 kuljetuspussi myyd\u00e4\u00e4n erikseen, katso : <a href=\"https:\/\/mildot.fi\/index.php\/product\/kuljetuspussi-metallimaalitaulujen-telineelle-mildot\">https:\/\/mildot.fi\/index.php\/product\/kuljetuspussi-metallimaalitaulujen-telineelle-mildot<\/a><br \/>\n* Nopea pystytt\u00e4\u00e4 ja purkaa, vain 4 osaa.<br \/>\n* Helppo pystytt\u00e4\u00e4 my\u00f6s rinteeseen niin roiskeet tulee sinne minne ne kuuluukin. (muista tarkistaa ampumaradan maalitaulujen pystytt\u00e4mis-s\u00e4\u00e4nn\u00f6t).<\/p>\n","protected":false},"featured_media":8963,"comment_status":"open","ping_status":"closed","template":"","meta":{"ocean_post_layout":"","ocean_both_sidebars_style":"","ocean_both_sidebars_content_width":0,"ocean_both_sidebars_sidebars_width":0,"ocean_sidebar":"0","ocean_second_sidebar":"0","ocean_disable_margins":"enable","ocean_add_body_class":"","ocean_shortcode_before_top_bar":"","ocean_shortcode_after_top_bar":"","ocean_shortcode_before_header":"","ocean_shortcode_after_header":"","ocean_has_shortcode":"","ocean_shortcode_after_title":"","ocean_shortcode_before_footer_widgets":"","ocean_shortcode_after_footer_widgets":"","ocean_shortcode_before_footer_bottom":"","ocean_shortcode_after_footer_bottom":"","ocean_display_top_bar":"default","ocean_display_header":"default","ocean_header_style":"","ocean_center_header_left_menu":"0","ocean_custom_header_template":"0","ocean_custom_logo":0,"ocean_custom_retina_logo":0,"ocean_custom_logo_max_width":0,"ocean_custom_logo_tablet_max_width":0,"ocean_custom_logo_mobile_max_width":0,"ocean_custom_logo_max_height":0,"ocean_custom_logo_tablet_max_height":0,"ocean_custom_logo_mobile_max_height":0,"ocean_header_custom_menu":"0","ocean_menu_typo_font_family":"0","ocean_menu_typo_font_subset":"","ocean_menu_typo_font_size":0,"ocean_menu_typo_font_size_tablet":0,"ocean_menu_typo_font_size_mobile":0,"ocean_menu_typo_font_size_unit":"px","ocean_menu_typo_font_weight":"","ocean_menu_typo_font_weight_tablet":"","ocean_menu_typo_font_weight_mobile":"","ocean_menu_typo_transform":"","ocean_menu_typo_transform_tablet":"","ocean_menu_typo_transform_mobile":"","ocean_menu_typo_line_height":0,"ocean_menu_typo_line_height_tablet":0,"ocean_menu_typo_line_height_mobile":0,"ocean_menu_typo_line_height_unit":"","ocean_menu_typo_spacing":0,"ocean_menu_typo_spacing_tablet":0,"ocean_menu_typo_spacing_mobile":0,"ocean_menu_typo_spacing_unit":"","ocean_menu_link_color":"","ocean_menu_link_color_hover":"","ocean_menu_link_color_active":"","ocean_menu_link_background":"","ocean_menu_link_hover_background":"","ocean_menu_link_active_background":"","ocean_menu_social_links_bg":"","ocean_menu_social_hover_links_bg":"","ocean_menu_social_links_color":"","ocean_menu_social_hover_links_color":"","ocean_disable_title":"default","ocean_disable_heading":"default","ocean_post_title":"","ocean_post_subheading":"","ocean_post_title_style":"","ocean_post_title_background_color":"","ocean_post_title_background":0,"ocean_post_title_bg_image_position":"","ocean_post_title_bg_image_attachment":"","ocean_post_title_bg_image_repeat":"","ocean_post_title_bg_image_size":"","ocean_post_title_height":0,"ocean_post_title_bg_overlay":0.5,"ocean_post_title_bg_overlay_color":"","ocean_disable_breadcrumbs":"default","ocean_breadcrumbs_color":"","ocean_breadcrumbs_separator_color":"","ocean_breadcrumbs_links_color":"","ocean_breadcrumbs_links_hover_color":"","ocean_display_footer_widgets":"default","ocean_display_footer_bottom":"default","ocean_custom_footer_template":"0","jetpack_publicize_message":"","jetpack_publicize_feature_enabled":true,"jetpack_social_post_already_shared":true,"jetpack_social_options":{"image_generator_settings":{"template":"highway","default_image_id":0,"font":"","enabled":false},"version":2}},"pwb-brand":[570],"product_brand":[],"product_cat":[90,162],"product_tag":[92,318,316,98,2311,317,344,319],"class_list":{"0":"post-8975","1":"product","2":"type-product","3":"status-publish","4":"has-post-thumbnail","6":"pwb-brand-mildot","7":"product_cat-maalilaitteet","8":"product_cat-mildot","9":"product_tag-12mm","10":"product_tag-harjateras","11":"product_tag-maalitauluteline","12":"product_tag-mildot","13":"product_tag-pidennysjalat","14":"product_tag-teline","15":"product_tag-teline-metallimaalitauluille","16":"product_tag-teras","18":"entry","19":"has-media","21":"first","22":"instock","23":"taxable","24":"shipping-taxable","25":"purchasable","26":"product-type-simple","27":"has-product-nav","28":"col","29":"span_1_of_4","30":"owp-content-center","31":"owp-thumbs-layout-horizontal","32":"owp-btn-normal","33":"owp-tabs-layout-horizontal"},"jetpack_publicize_connections":[],"jetpack_sharing_enabled":true,"brands":[{"id":570,"name":"Mildot","slug":"mildot"}],"_links":{"self":[{"href":"https:\/\/mildot.fi\/index.php\/wp-json\/wp\/v2\/product\/8975","targetHints":{"allow":["GET"]}}],"collection":[{"href":"https:\/\/mildot.fi\/index.php\/wp-json\/wp\/v2\/product"}],"about":[{"href":"https:\/\/mildot.fi\/index.php\/wp-json\/wp\/v2\/types\/product"}],"replies":[{"embeddable":true,"href":"https:\/\/mildot.fi\/index.php\/wp-json\/wp\/v2\/comments?post=8975"}],"wp:featuredmedia":[{"embeddable":true,"href":"https:\/\/mildot.fi\/index.php\/wp-json\/wp\/v2\/media\/8963"}],"wp:attachment":[{"href":"https:\/\/mildot.fi\/index.php\/wp-json\/wp\/v2\/media?parent=8975"}],"wp:term":[{"taxonomy":"pwb-brand","embeddable":true,"href":"https:\/\/mildot.fi\/index.php\/wp-json\/wp\/v2\/pwb-brand?post=8975"},{"taxonomy":"product_brand","embeddable":true,"href":"https:\/\/mildot.fi\/index.php\/wp-json\/wp\/v2\/product_brand?post=8975"},{"taxonomy":"product_cat","embeddable":true,"href":"https:\/\/mildot.fi\/index.php\/wp-json\/wp\/v2\/product_cat?post=8975"},{"taxonomy":"product_tag","embeddable":true,"href":"https:\/\/mildot.fi\/index.php\/wp-json\/wp\/v2\/product_tag?post=8975"}],"curies":[{"name":"wp","href":"https:\/\/api.w.org\/{rel}","templated":true}]}}