{"id":7958,"date":"2020-12-20T13:42:04","date_gmt":"2020-12-20T11:42:04","guid":{"rendered":"https:\/\/mildot.fi\/?post_type=product&#038;p=7958"},"modified":"2024-02-25T14:45:51","modified_gmt":"2024-02-25T12:45:51","slug":"triggertech-ar-9-adaptable-straight-black","status":"publish","type":"product","link":"https:\/\/mildot.fi\/index.php\/product\/triggertech-ar-9-adaptable-straight-black\/","title":{"rendered":"Triggertech AR-9 Adaptable Straight Black"},"content":{"rendered":"<p class=\"tws-article-description--article-number ng-binding ng-scope\">Article no: AR9-TBB-36-NNF<\/p>\n<div class=\"tws-article-description--text-container\">\n<div class=\"tws-article-description--text ng-binding\"><b>Trigger Control Details<br \/>\n<\/b>Lever Type: Straight<br \/>\nZero Creep\u2122: Yes<\/div>\n<div class=\"tws-article-description--text ng-binding\">Total Pull Weight: 1,588 g &#8211; 2,722 g\/3.5lbs &#8211; 6.00lbs<br \/>\nTKR\u2122: Yes &#8211; Min Overtravel<\/div>\n<div class=\"tws-article-description--text ng-binding\">CLKR\u2122: Yes &#8211; Inc. Adjustable<\/div>\n<div class=\"tws-article-description--text ng-binding\">Flat Wire\u2122: Yes &#8211; Hard Primer Compatible<br \/>\nTake Up Distance: 0.035&#8243;<\/div>\n<div class=\"tws-article-description--text ng-binding\">Overtravel: Sub 0.015&#8243;<br \/>\nReset: Sub 0.030&#8243;<br \/>\nPin Size: Mil Spec 0.154&#8243;<br \/>\nMaterial: 7075 Aluminum &amp; Stainless Internals<br \/>\nWeapon Platform: 9 mm AR-systems<br \/>\nWarranty: Product Lifetime<\/div>\n<div class=\"tws-article-description--text ng-binding\">\n<p><b><br \/>\nMaterial Details<br \/>\n<\/b>Housing: 7075 Aluminum (anodized)<br \/>\nKey Components: 440C Stainless Steel<br \/>\nPVD Black \u2013 PVD stands for Physical Vapour Deposition. It is a hard and durable coating that is applied to external stainless components to give them a clean black color.Full Description The AR-9 Trigger is built for top competitive shooters to offer the most accurate and dependable trigger on the market. Featuring Frictionless Release Technology\u2122, this drop-in AR trigger has a short, two-stage action, designed to feel like a 1911 trigger, that provides a true zero-creep break, extremely short overtravel, a sub 0.015\u201d tactical reset and offers outstanding reliability, even in the harshest environments. Utilizing CLKR Technology\u2122, the pull weight is quickly and confidently adjusted in 2oz increments from a set screw with the trigger installed. Due to there being truly zero creep, most shooters report the pull weights feeling ~0.5lbs lighter than a friction based trigger of the same measured pull weight. Changing the pull weight does not affect hammer force so you get dependable primer strikes at every weight. Frictionless Release Technology\u2122, along with hardened 440C stainless steel internal components ensure corrosion resistance and an extended service life. As Frictionless Release Technology\u2122 does not rely on coating, polishing or lubricating the key engagement surfaces, trigger pulls will be more consistent from shot to shot and after thousands of shots than you ever thought possible.<\/p>\n<p>All pull weights and measurements are approximate.<\/p>\n<p>The installation guide is directed to experienced professional gunsmiths who understand the workings of their AR-9 rifle and know how to fully detail strip the lower receiver. If you do not have these skills, we strongly suggest you retain the services of a competent professional gunsmith to install your trigger, and perform all important safety checks.<\/p>\n<\/div>\n<\/div>\n","protected":false},"excerpt":{"rendered":"<p>The Adaptable AR-9 Trigger was built to satisfy the demand of having one trigger capable of enhancing the accuracy and precision of the AR-9 in every role.<\/p>\n<p>Intended Use<br \/>\n3 Gun, competition, harsh environments operations, high speed shooting, long range hunting, precision shooting, target shooting, varmint hunting.<\/p>\n<p>&nbsp;<\/p>\n<p><span style=\"color: red;\"><strong>ILMAINEN RAHTI T\u00c4LLE TUOTTEELLE, K\u00c4YT\u00c4 ALENNUSKOODIA: RAHTI-TRIGGERTECH<\/strong><\/span><\/p>\n","protected":false},"featured_media":7935,"comment_status":"open","ping_status":"closed","template":"","meta":{"ocean_post_layout":"","ocean_both_sidebars_style":"","ocean_both_sidebars_content_width":0,"ocean_both_sidebars_sidebars_width":0,"ocean_sidebar":"0","ocean_second_sidebar":"0","ocean_disable_margins":"enable","ocean_add_body_class":"","ocean_shortcode_before_top_bar":"","ocean_shortcode_after_top_bar":"","ocean_shortcode_before_header":"","ocean_shortcode_after_header":"","ocean_has_shortcode":"","ocean_shortcode_after_title":"","ocean_shortcode_before_footer_widgets":"","ocean_shortcode_after_footer_widgets":"","ocean_shortcode_before_footer_bottom":"","ocean_shortcode_after_footer_bottom":"","ocean_display_top_bar":"default","ocean_display_header":"default","ocean_header_style":"","ocean_center_header_left_menu":"0","ocean_custom_header_template":"0","ocean_custom_logo":0,"ocean_custom_retina_logo":0,"ocean_custom_logo_max_width":0,"ocean_custom_logo_tablet_max_width":0,"ocean_custom_logo_mobile_max_width":0,"ocean_custom_logo_max_height":0,"ocean_custom_logo_tablet_max_height":0,"ocean_custom_logo_mobile_max_height":0,"ocean_header_custom_menu":"0","ocean_menu_typo_font_family":"0","ocean_menu_typo_font_subset":"","ocean_menu_typo_font_size":0,"ocean_menu_typo_font_size_tablet":0,"ocean_menu_typo_font_size_mobile":0,"ocean_menu_typo_font_size_unit":"px","ocean_menu_typo_font_weight":"","ocean_menu_typo_font_weight_tablet":"","ocean_menu_typo_font_weight_mobile":"","ocean_menu_typo_transform":"","ocean_menu_typo_transform_tablet":"","ocean_menu_typo_transform_mobile":"","ocean_menu_typo_line_height":0,"ocean_menu_typo_line_height_tablet":0,"ocean_menu_typo_line_height_mobile":0,"ocean_menu_typo_line_height_unit":"","ocean_menu_typo_spacing":0,"ocean_menu_typo_spacing_tablet":0,"ocean_menu_typo_spacing_mobile":0,"ocean_menu_typo_spacing_unit":"","ocean_menu_link_color":"","ocean_menu_link_color_hover":"","ocean_menu_link_color_active":"","ocean_menu_link_background":"","ocean_menu_link_hover_background":"","ocean_menu_link_active_background":"","ocean_menu_social_links_bg":"","ocean_menu_social_hover_links_bg":"","ocean_menu_social_links_color":"","ocean_menu_social_hover_links_color":"","ocean_disable_title":"default","ocean_disable_heading":"default","ocean_post_title":"","ocean_post_subheading":"","ocean_post_title_style":"","ocean_post_title_background_color":"","ocean_post_title_background":0,"ocean_post_title_bg_image_position":"","ocean_post_title_bg_image_attachment":"","ocean_post_title_bg_image_repeat":"","ocean_post_title_bg_image_size":"","ocean_post_title_height":0,"ocean_post_title_bg_overlay":0.5,"ocean_post_title_bg_overlay_color":"","ocean_disable_breadcrumbs":"default","ocean_breadcrumbs_color":"","ocean_breadcrumbs_separator_color":"","ocean_breadcrumbs_links_color":"","ocean_breadcrumbs_links_hover_color":"","ocean_display_footer_widgets":"default","ocean_display_footer_bottom":"default","ocean_custom_footer_template":"0","jetpack_publicize_message":"","jetpack_publicize_feature_enabled":true,"jetpack_social_post_already_shared":true,"jetpack_social_options":{"image_generator_settings":{"template":"highway","default_image_id":0,"font":"","enabled":false},"version":2}},"pwb-brand":[1717],"product_brand":[],"product_cat":[2667,1716],"product_tag":[1967,1973,1972,2381,1737,1959,2088,1740,2127,1960,1736,1741,1958,1730],"class_list":{"0":"post-7958","1":"product","2":"type-product","3":"status-publish","4":"has-post-thumbnail","6":"pwb-brand-triggertech","7":"product_cat-ar9","8":"product_cat-laukaisukoneistot-triggertech","9":"product_tag-adaptable","10":"product_tag-ar-9","11":"product_tag-ar9","12":"product_tag-ar9-tbb-36-nnf","13":"product_tag-black","14":"product_tag-laukaisukoneisto","15":"product_tag-laukaisulaite","16":"product_tag-liipaisin","17":"product_tag-pcc","18":"product_tag-saadettava","19":"product_tag-straight","20":"product_tag-suora","21":"product_tag-trigger","22":"product_tag-triggertech","24":"entry","25":"has-media","27":"first","28":"instock","29":"taxable","30":"shipping-taxable","31":"purchasable","32":"product-type-simple","33":"has-product-nav","34":"col","35":"span_1_of_4","36":"owp-content-center","37":"owp-thumbs-layout-horizontal","38":"owp-btn-normal","39":"owp-tabs-layout-horizontal"},"jetpack_publicize_connections":[],"jetpack_sharing_enabled":true,"brands":[{"id":1717,"name":"Triggertech","slug":"triggertech"}],"_links":{"self":[{"href":"https:\/\/mildot.fi\/index.php\/wp-json\/wp\/v2\/product\/7958","targetHints":{"allow":["GET"]}}],"collection":[{"href":"https:\/\/mildot.fi\/index.php\/wp-json\/wp\/v2\/product"}],"about":[{"href":"https:\/\/mildot.fi\/index.php\/wp-json\/wp\/v2\/types\/product"}],"replies":[{"embeddable":true,"href":"https:\/\/mildot.fi\/index.php\/wp-json\/wp\/v2\/comments?post=7958"}],"wp:featuredmedia":[{"embeddable":true,"href":"https:\/\/mildot.fi\/index.php\/wp-json\/wp\/v2\/media\/7935"}],"wp:attachment":[{"href":"https:\/\/mildot.fi\/index.php\/wp-json\/wp\/v2\/media?parent=7958"}],"wp:term":[{"taxonomy":"pwb-brand","embeddable":true,"href":"https:\/\/mildot.fi\/index.php\/wp-json\/wp\/v2\/pwb-brand?post=7958"},{"taxonomy":"product_brand","embeddable":true,"href":"https:\/\/mildot.fi\/index.php\/wp-json\/wp\/v2\/product_brand?post=7958"},{"taxonomy":"product_cat","embeddable":true,"href":"https:\/\/mildot.fi\/index.php\/wp-json\/wp\/v2\/product_cat?post=7958"},{"taxonomy":"product_tag","embeddable":true,"href":"https:\/\/mildot.fi\/index.php\/wp-json\/wp\/v2\/product_tag?post=7958"}],"curies":[{"name":"wp","href":"https:\/\/api.w.org\/{rel}","templated":true}]}}