{"id":7095,"date":"2020-06-23T09:43:54","date_gmt":"2020-06-23T07:43:54","guid":{"rendered":"https:\/\/mildot.fi\/?post_type=product&#038;p=7095"},"modified":"2026-02-19T14:54:55","modified_gmt":"2026-02-19T12:54:55","slug":"vortex-strike-eagle-1-8x24-ar-bdc3-moa","status":"publish","type":"product","link":"https:\/\/mildot.fi\/index.php\/product\/vortex-strike-eagle-1-8x24-ar-bdc3-moa\/","title":{"rendered":"Vortex Strike Eagle 1-8&#215;24 AR-BDC3 (MOA)"},"content":{"rendered":"<p><a href=\"https:\/\/mildot.fi\/wp-content\/uploads\/2020\/06\/Strike-Eagle-product-manual.pdf\">Strike Eagle product manual.pdf<\/a><\/p>\n<p><a href=\"https:\/\/mildot.fi\/wp-content\/uploads\/2020\/06\/Strike-Eagle-AR-BDC3-Reticle.pdf\">Strike Eagle AR-BDC3 Reticle.pdf<\/a><\/p>\n<p>Optimize the versatility and quick-handling attributes of your AR with the redesigned Strike Eagle. A true 1x on the low end, Strike Eagle zooms to let shooters rapidly engage targets near and far, and an AR-BDC3 reticle aids in rapid shooting while providing holdover and ranging references from 0-600 yards. Plus, with a thread-in throw lever, you\u2019ll be on target even faster, shot after shot.<\/p>\n<p><strong>Illuminated Reticle<\/strong> Provides precise aiming under low-light conditions<br \/>\n<strong>Fully Multi-Coated<\/strong> Proprietary coatings increase light transmission with multiple anti-reflective coatings on all air-to-glass surfaces.<br \/>\n<strong>Second Focal Plane Reticle<\/strong> Scale of reticle maintains the same ideally-sized appearance. Listed reticle subtensions used for estimating range, holdover and wind drift correction are accurate at the highest magnification.<br \/>\n<strong>Glass-Etched Reticle<\/strong> Allows for intricate reticle design. Protected between two layers of glass for optimum durability and reliability.<\/p>\n<div role=\"tabpanel\" data-role=\"content\" aria-hidden=\"false\">\n<div class=\"feature-item\"><\/div>\n<\/div>\n<p><strong>ArmorTek \u00ae<\/strong> Ultra-hard, scratch-resistant coating protects exterior lenses from scratches, oil and dirt.<br \/>\n<strong>Shockproof<\/strong> Rugged construction withstands recoil and impact.<br \/>\n<strong>Waterproof &#8211; IPX7<\/strong> Designed to meet IPX7 waterproofing standards.<br \/>\n<strong>Fogproof<\/strong> Nitrogen gas purging prevents internal fogging over a wide range of temperatures.<br \/>\n<strong>Tube Size<\/strong> 30 mm diameter provides maximized internal adjustment and strength.<br \/>\n<strong>Aircraft-Grade Aluminum<\/strong> Constructed from a solid block of aircraft-grade aluminum for strength and rigidity.<br \/>\n<strong>Single-Piece Tube<\/strong> Maximizes alignment for improved accuracy and optimum visual performance, as well as ensures strength and waterproofness.<\/p>\n<p><strong>Fast Focus Eyepiece<\/strong> Allows quick and easy reticle focusing.<br \/>\n<strong>Throw Lever<\/strong> The included throw lever can be installed for quick and easy magnification adjustments.<\/p>\n<p>&nbsp;<\/p>\n<p><iframe src=\"https:\/\/www.youtube.com\/embed\/frLuTB3VsjM\" width=\"560\" height=\"315\" frameborder=\"0\" allowfullscreen=\"allowfullscreen\"><\/iframe><\/p>\n<p>&nbsp;<\/p>\n<p>&nbsp;<\/p>\n<p><iframe src=\"https:\/\/www.youtube.com\/embed\/XRc7EVIB2OU\" width=\"560\" height=\"315\" frameborder=\"0\" allowfullscreen=\"allowfullscreen\"><\/iframe><\/p>\n<div class=\"spec-item\"><span class=\"title\">Magnification<\/span> <span class=\"value\">1-8x<\/span><\/div>\n<div class=\"spec-item\"><span class=\"title\">Objective Lens Diameter<\/span> <span class=\"value\">24 mm<\/span><\/div>\n<div class=\"spec-item\"><span class=\"title\">Eye Relief<\/span> <span class=\"value\">3.5 inches<\/span><\/div>\n<div class=\"spec-item\"><span class=\"title\">Field of View<\/span> <span class=\"value\">109 -14.4 ft @100 yds<\/span><\/div>\n<div class=\"spec-item\"><span class=\"title\">Tube Size<\/span> <span class=\"value\">30 mm<\/span><\/div>\n<div class=\"spec-item\"><span class=\"title\">Turret Style<\/span> <span class=\"value\">Low Capped<\/span><\/div>\n<div class=\"spec-item\"><span class=\"title\">Adjustment Graduation<\/span> <span class=\"value\">1\/2 MOA<\/span><\/div>\n<div class=\"spec-item\"><span class=\"title\">Travel Per Rotation<\/span> <span class=\"value\">44 MOA<\/span><\/div>\n<div class=\"spec-item\"><span class=\"title\">Max Elevation Adjustment<\/span> <span class=\"value\">140 MOA<\/span><\/div>\n<div class=\"spec-item\"><span class=\"title\">Max Windage Adjustment<\/span> <span class=\"value\">140 MOA<\/span><\/div>\n<div class=\"spec-item\"><span class=\"title\">Parallax Setting<\/span> <span class=\"value\">Fixed @100 yds<\/span><\/div>\n<div class=\"spec-item\"><span class=\"title\">Length<\/span> <span class=\"value\">10.0 inches<\/span><\/div>\n<div class=\"spec-item\"><span class=\"title\">Weight<\/span> <span class=\"value\">17.6 oz<\/span><\/div>\n<div><\/div>\n<div>\n<div class=\"no-item product-contents\">\n<h6>Included in the Box<\/h6>\n<ul>\n<li>Thread-in throw lever<\/li>\n<li>Flip caps<\/li>\n<li>Lens cloth<\/li>\n<li>CR2032 battery<\/li>\n<\/ul>\n<\/div>\n<\/div>\n","protected":false},"excerpt":{"rendered":"<p><span style=\"color: red;\"><strong>ILMAINEN RAHTI T\u00c4LLE TUOTTEELLE, K\u00c4YT\u00c4 ALENNUSKOODIA: RAHTI-STRIKE-EAGLE<\/strong><\/span><\/p>\n<p>&nbsp;<\/p>\n<p><span style=\"color: red;\">Please ask for a quote combining this riflescope with <a href=\"https:\/\/mildot.fi\/index.php\/product-category\/spuhr\/34mm-runkoputki-spuhr\/\">Spuhr ISMS mounts<\/a><\/span>. This is the perfect setup for the demanding shooter that wants the best.<\/p>\n<p>Do you wonder how high scope mount you will need? Try our <a href=\"https:\/\/mildot.fi\/index.php\/mildot-ring-height-calculator\/\">scope mount height calculator, <\/a>feel free to call or email us if you still have any questions.<\/p>\n","protected":false},"featured_media":15216,"comment_status":"open","ping_status":"closed","template":"","meta":{"ocean_post_layout":"","ocean_both_sidebars_style":"","ocean_both_sidebars_content_width":0,"ocean_both_sidebars_sidebars_width":0,"ocean_sidebar":"0","ocean_second_sidebar":"0","ocean_disable_margins":"enable","ocean_add_body_class":"","ocean_shortcode_before_top_bar":"","ocean_shortcode_after_top_bar":"","ocean_shortcode_before_header":"","ocean_shortcode_after_header":"","ocean_has_shortcode":"","ocean_shortcode_after_title":"","ocean_shortcode_before_footer_widgets":"","ocean_shortcode_after_footer_widgets":"","ocean_shortcode_before_footer_bottom":"","ocean_shortcode_after_footer_bottom":"","ocean_display_top_bar":"default","ocean_display_header":"default","ocean_header_style":"","ocean_center_header_left_menu":"0","ocean_custom_header_template":"0","ocean_custom_logo":0,"ocean_custom_retina_logo":0,"ocean_custom_logo_max_width":0,"ocean_custom_logo_tablet_max_width":0,"ocean_custom_logo_mobile_max_width":0,"ocean_custom_logo_max_height":0,"ocean_custom_logo_tablet_max_height":0,"ocean_custom_logo_mobile_max_height":0,"ocean_header_custom_menu":"0","ocean_menu_typo_font_family":"0","ocean_menu_typo_font_subset":"","ocean_menu_typo_font_size":0,"ocean_menu_typo_font_size_tablet":0,"ocean_menu_typo_font_size_mobile":0,"ocean_menu_typo_font_size_unit":"px","ocean_menu_typo_font_weight":"","ocean_menu_typo_font_weight_tablet":"","ocean_menu_typo_font_weight_mobile":"","ocean_menu_typo_transform":"","ocean_menu_typo_transform_tablet":"","ocean_menu_typo_transform_mobile":"","ocean_menu_typo_line_height":0,"ocean_menu_typo_line_height_tablet":0,"ocean_menu_typo_line_height_mobile":0,"ocean_menu_typo_line_height_unit":"","ocean_menu_typo_spacing":0,"ocean_menu_typo_spacing_tablet":0,"ocean_menu_typo_spacing_mobile":0,"ocean_menu_typo_spacing_unit":"","ocean_menu_link_color":"","ocean_menu_link_color_hover":"","ocean_menu_link_color_active":"","ocean_menu_link_background":"","ocean_menu_link_hover_background":"","ocean_menu_link_active_background":"","ocean_menu_social_links_bg":"","ocean_menu_social_hover_links_bg":"","ocean_menu_social_links_color":"","ocean_menu_social_hover_links_color":"","ocean_disable_title":"default","ocean_disable_heading":"default","ocean_post_title":"","ocean_post_subheading":"","ocean_post_title_style":"","ocean_post_title_background_color":"","ocean_post_title_background":0,"ocean_post_title_bg_image_position":"","ocean_post_title_bg_image_attachment":"","ocean_post_title_bg_image_repeat":"","ocean_post_title_bg_image_size":"","ocean_post_title_height":0,"ocean_post_title_bg_overlay":0.5,"ocean_post_title_bg_overlay_color":"","ocean_disable_breadcrumbs":"default","ocean_breadcrumbs_color":"","ocean_breadcrumbs_separator_color":"","ocean_breadcrumbs_links_color":"","ocean_breadcrumbs_links_hover_color":"","ocean_display_footer_widgets":"default","ocean_display_footer_bottom":"default","ocean_custom_footer_template":"0","jetpack_publicize_message":"","jetpack_publicize_feature_enabled":true,"jetpack_social_post_already_shared":true,"jetpack_social_options":{"image_generator_settings":{"template":"highway","default_image_id":0,"font":"","enabled":false},"version":2}},"pwb-brand":[543],"product_brand":[],"product_cat":[18,126],"product_tag":[835,38,1917,187,830,1918,20],"class_list":{"0":"post-7095","1":"product","2":"type-product","3":"status-publish","4":"has-post-thumbnail","6":"pwb-brand-vortex","7":"product_cat-kiikaritahtaimet","8":"product_cat-vortex-optics","9":"product_tag-1-8","10":"product_tag-30mm","11":"product_tag-ar-bdc3","12":"product_tag-moa","13":"product_tag-strike-eagle","14":"product_tag-trow-lever","15":"product_tag-vortex","17":"entry","18":"has-media","20":"first","21":"instock","22":"taxable","23":"shipping-taxable","24":"purchasable","25":"product-type-simple","26":"has-product-nav","27":"col","28":"span_1_of_4","29":"owp-content-center","30":"owp-thumbs-layout-horizontal","31":"owp-btn-normal","32":"owp-tabs-layout-horizontal"},"jetpack_publicize_connections":[],"jetpack_sharing_enabled":true,"brands":[{"id":543,"name":"Vortex","slug":"vortex"}],"_links":{"self":[{"href":"https:\/\/mildot.fi\/index.php\/wp-json\/wp\/v2\/product\/7095","targetHints":{"allow":["GET"]}}],"collection":[{"href":"https:\/\/mildot.fi\/index.php\/wp-json\/wp\/v2\/product"}],"about":[{"href":"https:\/\/mildot.fi\/index.php\/wp-json\/wp\/v2\/types\/product"}],"replies":[{"embeddable":true,"href":"https:\/\/mildot.fi\/index.php\/wp-json\/wp\/v2\/comments?post=7095"}],"wp:featuredmedia":[{"embeddable":true,"href":"https:\/\/mildot.fi\/index.php\/wp-json\/wp\/v2\/media\/15216"}],"wp:attachment":[{"href":"https:\/\/mildot.fi\/index.php\/wp-json\/wp\/v2\/media?parent=7095"}],"wp:term":[{"taxonomy":"pwb-brand","embeddable":true,"href":"https:\/\/mildot.fi\/index.php\/wp-json\/wp\/v2\/pwb-brand?post=7095"},{"taxonomy":"product_brand","embeddable":true,"href":"https:\/\/mildot.fi\/index.php\/wp-json\/wp\/v2\/product_brand?post=7095"},{"taxonomy":"product_cat","embeddable":true,"href":"https:\/\/mildot.fi\/index.php\/wp-json\/wp\/v2\/product_cat?post=7095"},{"taxonomy":"product_tag","embeddable":true,"href":"https:\/\/mildot.fi\/index.php\/wp-json\/wp\/v2\/product_tag?post=7095"}],"curies":[{"name":"wp","href":"https:\/\/api.w.org\/{rel}","templated":true}]}}