{"id":3562,"date":"2019-10-09T05:54:13","date_gmt":"2019-10-09T03:54:13","guid":{"rendered":"https:\/\/mildot.fi\/?post_type=product&#038;p=3562"},"modified":"2024-04-22T11:01:22","modified_gmt":"2024-04-22T09:01:22","slug":"kuljetuspussi-metallimaalitaulujen-telineelle-mildot","status":"publish","type":"product","link":"https:\/\/mildot.fi\/index.php\/product\/kuljetuspussi-metallimaalitaulujen-telineelle-mildot\/","title":{"rendered":"Kuljetuspussi metallimaalitaulujen telineelle &#8211; MILDOT"},"content":{"rendered":"<p>Meid\u00e4n k\u00e4ytt\u00e4m\u00e4 puuvillakanvas on pakusuinta mit\u00e4 t\u00e4h\u00e4n asti olen l\u00f6yt\u00e4nyt markkinoilta, sen ominaispaino on noin 680g\/m2! Ja ihan varmuuden vuoksi vahvistimme pussin pohjaa keinonahalla, ja suunniteltiin pussin rakenne ett\u00e4 sit\u00e4 olisi my\u00f6s helppo huoltaa esimerkiksi suutarilla jos sille ikin\u00e4 tulisi tarvetta.<\/p>\n<p>T\u00e4m\u00e4n pussin avulla on helpompaa siirt\u00e4 telineen osat radalle ja samalla auton takakontti pysyy siistimp\u00e4n\u00e4.<\/p>\n<p>Kuljetuspussiin mahtuu kaksi telinett\u00e4.<\/p>\n<p>Suosittelemme pit\u00e4\u00e4 teline hyvin maalattuna, ja my\u00f6s kuivata teline ja pussi tarvittaeessa kun tulet kotiin niin niit\u00e4 on mukavampi k\u00e4sitell\u00e4 seuraavalla ratavuorolla.<\/p>\n<p>Puuvillakanvas tulee my\u00f6s erikseen myyntiin jos itse haluat ommella jotain pussia. Kannatta ottaa huomioon ett\u00e4 se vaatii jo sormivoimia ja mielell\u00e4\u00e4n teollisuusompelukoneen koska kangas on tosi paksua.<\/p>\n<p>Tilauksesta valmistamme erikokoisia s\u00e4ilytyspusseja.<\/p>\n","protected":false},"excerpt":{"rendered":"<p>Paksusta puuvillakanvaksesta valmistettu kuljetuspussi metallimaalitaulujen telineelle.<\/p>\n","protected":false},"featured_media":3563,"comment_status":"open","ping_status":"closed","template":"","meta":{"ocean_post_layout":"","ocean_both_sidebars_style":"","ocean_both_sidebars_content_width":0,"ocean_both_sidebars_sidebars_width":0,"ocean_sidebar":"0","ocean_second_sidebar":"0","ocean_disable_margins":"enable","ocean_add_body_class":"","ocean_shortcode_before_top_bar":"","ocean_shortcode_after_top_bar":"","ocean_shortcode_before_header":"","ocean_shortcode_after_header":"","ocean_has_shortcode":"","ocean_shortcode_after_title":"","ocean_shortcode_before_footer_widgets":"","ocean_shortcode_after_footer_widgets":"","ocean_shortcode_before_footer_bottom":"","ocean_shortcode_after_footer_bottom":"","ocean_display_top_bar":"default","ocean_display_header":"default","ocean_header_style":"","ocean_center_header_left_menu":"0","ocean_custom_header_template":"0","ocean_custom_logo":0,"ocean_custom_retina_logo":0,"ocean_custom_logo_max_width":0,"ocean_custom_logo_tablet_max_width":0,"ocean_custom_logo_mobile_max_width":0,"ocean_custom_logo_max_height":0,"ocean_custom_logo_tablet_max_height":0,"ocean_custom_logo_mobile_max_height":0,"ocean_header_custom_menu":"0","ocean_menu_typo_font_family":"0","ocean_menu_typo_font_subset":"","ocean_menu_typo_font_size":0,"ocean_menu_typo_font_size_tablet":0,"ocean_menu_typo_font_size_mobile":0,"ocean_menu_typo_font_size_unit":"px","ocean_menu_typo_font_weight":"","ocean_menu_typo_font_weight_tablet":"","ocean_menu_typo_font_weight_mobile":"","ocean_menu_typo_transform":"","ocean_menu_typo_transform_tablet":"","ocean_menu_typo_transform_mobile":"","ocean_menu_typo_line_height":0,"ocean_menu_typo_line_height_tablet":0,"ocean_menu_typo_line_height_mobile":0,"ocean_menu_typo_line_height_unit":"","ocean_menu_typo_spacing":0,"ocean_menu_typo_spacing_tablet":0,"ocean_menu_typo_spacing_mobile":0,"ocean_menu_typo_spacing_unit":"","ocean_menu_link_color":"","ocean_menu_link_color_hover":"","ocean_menu_link_color_active":"","ocean_menu_link_background":"","ocean_menu_link_hover_background":"","ocean_menu_link_active_background":"","ocean_menu_social_links_bg":"","ocean_menu_social_hover_links_bg":"","ocean_menu_social_links_color":"","ocean_menu_social_hover_links_color":"","ocean_disable_title":"default","ocean_disable_heading":"default","ocean_post_title":"","ocean_post_subheading":"","ocean_post_title_style":"","ocean_post_title_background_color":"","ocean_post_title_background":0,"ocean_post_title_bg_image_position":"","ocean_post_title_bg_image_attachment":"","ocean_post_title_bg_image_repeat":"","ocean_post_title_bg_image_size":"","ocean_post_title_height":0,"ocean_post_title_bg_overlay":0.5,"ocean_post_title_bg_overlay_color":"","ocean_disable_breadcrumbs":"default","ocean_breadcrumbs_color":"","ocean_breadcrumbs_separator_color":"","ocean_breadcrumbs_links_color":"","ocean_breadcrumbs_links_hover_color":"","ocean_display_footer_widgets":"default","ocean_display_footer_bottom":"default","ocean_custom_footer_template":"0","jetpack_publicize_message":"","jetpack_publicize_feature_enabled":true,"jetpack_social_post_already_shared":false,"jetpack_social_options":{"image_generator_settings":{"template":"highway","default_image_id":0,"font":"","enabled":false},"version":2}},"pwb-brand":[570],"product_brand":[],"product_cat":[90,162,233],"product_tag":[334,335,333,332,98,331,337,336],"class_list":{"0":"post-3562","1":"product","2":"type-product","3":"status-publish","4":"has-post-thumbnail","6":"pwb-brand-mildot","7":"product_cat-maalilaitteet","8":"product_cat-mildot","9":"product_cat-tekstiilit","10":"product_tag-canvas","11":"product_tag-kanvas","12":"product_tag-kuljetuspussi","13":"product_tag-laukku","14":"product_tag-mildot","15":"product_tag-pussi","16":"product_tag-pussi-maalitaulutelineelle","17":"product_tag-puuvilla","19":"entry","20":"has-media","22":"first","23":"instock","24":"taxable","25":"shipping-taxable","26":"purchasable","27":"product-type-simple","28":"has-product-nav","29":"col","30":"span_1_of_4","31":"owp-content-center","32":"owp-thumbs-layout-horizontal","33":"owp-btn-normal","34":"owp-tabs-layout-horizontal"},"jetpack_publicize_connections":[],"jetpack_sharing_enabled":true,"brands":[{"id":570,"name":"Mildot","slug":"mildot"}],"_links":{"self":[{"href":"https:\/\/mildot.fi\/index.php\/wp-json\/wp\/v2\/product\/3562","targetHints":{"allow":["GET"]}}],"collection":[{"href":"https:\/\/mildot.fi\/index.php\/wp-json\/wp\/v2\/product"}],"about":[{"href":"https:\/\/mildot.fi\/index.php\/wp-json\/wp\/v2\/types\/product"}],"replies":[{"embeddable":true,"href":"https:\/\/mildot.fi\/index.php\/wp-json\/wp\/v2\/comments?post=3562"}],"wp:featuredmedia":[{"embeddable":true,"href":"https:\/\/mildot.fi\/index.php\/wp-json\/wp\/v2\/media\/3563"}],"wp:attachment":[{"href":"https:\/\/mildot.fi\/index.php\/wp-json\/wp\/v2\/media?parent=3562"}],"wp:term":[{"taxonomy":"pwb-brand","embeddable":true,"href":"https:\/\/mildot.fi\/index.php\/wp-json\/wp\/v2\/pwb-brand?post=3562"},{"taxonomy":"product_brand","embeddable":true,"href":"https:\/\/mildot.fi\/index.php\/wp-json\/wp\/v2\/product_brand?post=3562"},{"taxonomy":"product_cat","embeddable":true,"href":"https:\/\/mildot.fi\/index.php\/wp-json\/wp\/v2\/product_cat?post=3562"},{"taxonomy":"product_tag","embeddable":true,"href":"https:\/\/mildot.fi\/index.php\/wp-json\/wp\/v2\/product_tag?post=3562"}],"curies":[{"name":"wp","href":"https:\/\/api.w.org\/{rel}","templated":true}]}}