{"id":287,"date":"2019-03-27T20:01:10","date_gmt":"2019-03-27T18:01:10","guid":{"rendered":"https:\/\/mildot.fi\/?post_type=product&#038;p=287"},"modified":"2021-04-25T19:41:28","modified_gmt":"2021-04-25T17:41:28","slug":"tarkka-ampuja-2-pauli-salo","status":"publish","type":"product","link":"https:\/\/mildot.fi\/index.php\/product\/tarkka-ampuja-2-pauli-salo\/","title":{"rendered":"Tarkka-ampuja 2 &#8211; Pauli Salo"},"content":{"rendered":"<p><strong>SIS\u00c4LLYSLUETTELO<\/strong><\/p>\n<p>1. JOHDANTO \u2026\u2026\u2026\u2026\u2026\u2026\u2026\u2026\u2026\u2026\u2026\u2026\u2026\u2026\u2026\u2026\u2026\u2026\u2026\u2026\u2026\u2026\u2026\u2026\u2026\u2026\u2026\u2026\u2026\u2026\u2026\u2026\u2026.. 5<\/p>\n<p>2. HARJOITTELU JA KOULUTUS<br \/>\n2.1 Tarkka-ampujien suoritusvaatimukset \u2026\u2026\u2026\u2026\u2026\u2026\u2026\u2026\u2026\u2026\u2026\u2026\u2026\u2026\u2026\u2026\u2026\u2026\u2026\u2026 6<br \/>\n2.2 Tarkka-ampujien jako koulutustason mukaan \u2026\u2026\u2026\u2026\u2026\u2026\u2026\u2026\u2026\u2026\u2026\u2026\u2026\u2026\u2026. 7<br \/>\n2.3 Tarkka-ampujien k\u00e4ytt\u00f6periaatteita ja teht\u00e4vi\u00e4 \u2026\u2026\u2026\u2026\u2026\u2026\u2026\u2026\u2026\u2026\u2026\u2026\u2026\u2026\u2026.. 7<br \/>\n2.4 Organisaation- ja vaatimustason kehitt\u00e4minen \u2026\u2026\u2026\u2026\u2026\u2026\u2026\u2026\u2026\u2026\u2026\u2026\u2026\u2026\u2026.. 8<br \/>\n2.5 Harjoittelun yleisperiaatteet \u2026\u2026\u2026\u2026\u2026\u2026\u2026\u2026\u2026\u2026\u2026\u2026\u2026\u2026\u2026\u2026\u2026\u2026\u2026\u2026\u2026\u2026\u2026\u2026\u2026\u2026 8<br \/>\n2.6 Harjoittelu \u2026\u2026\u2026\u2026\u2026\u2026\u2026\u2026\u2026\u2026\u2026\u2026\u2026\u2026\u2026\u2026\u2026\u2026\u2026\u2026\u2026\u2026\u2026\u2026\u2026\u2026\u2026\u2026\u2026\u2026\u2026\u2026\u2026\u2026\u2026 9<br \/>\n2.7 Varusmieskoulutus \u2026\u2026\u2026\u2026\u2026\u2026\u2026\u2026\u2026\u2026\u2026\u2026\u2026\u2026\u2026\u2026\u2026\u2026\u2026\u2026\u2026\u2026\u2026\u2026\u2026\u2026\u2026\u2026\u2026\u2026. 11<br \/>\n2.8 Reservil\u00e4iskoulutus \u2026\u2026\u2026\u2026\u2026\u2026\u2026\u2026\u2026\u2026\u2026\u2026\u2026\u2026\u2026\u2026\u2026\u2026\u2026\u2026\u2026\u2026\u2026\u2026\u2026\u2026\u2026\u2026\u2026\u2026 11<br \/>\n2.9 Maanpuolustuskoulutusyhdistyksen kurssit \u2026\u2026\u2026\u2026\u2026\u2026\u2026\u2026\u2026\u2026\u2026\u2026\u2026\u2026\u2026\u2026\u2026.. 12<br \/>\n2.10 Maalilaitteet \u2026\u2026\u2026\u2026\u2026\u2026\u2026\u2026\u2026\u2026\u2026\u2026\u2026\u2026\u2026\u2026\u2026\u2026\u2026\u2026\u2026\u2026\u2026\u2026\u2026\u2026\u2026\u2026\u2026\u2026\u2026\u2026\u2026\u2026 14<br \/>\n2.11 Koulutuksen apuv\u00e4lineet \u2026\u2026\u2026\u2026\u2026\u2026\u2026\u2026\u2026\u2026\u2026\u2026\u2026\u2026\u2026\u2026\u2026\u2026\u2026\u2026\u2026\u2026\u2026\u2026\u2026\u2026\u2026. 20<br \/>\n2.12 Tarkka-ampujien testaus \u2026\u2026\u2026\u2026\u2026\u2026\u2026\u2026\u2026\u2026\u2026\u2026\u2026\u2026\u2026\u2026\u2026\u2026\u2026\u2026\u2026\u2026\u2026\u2026\u2026\u2026\u2026. 22<br \/>\n2.13 Tarkka-ampujakilpailut \u2026\u2026\u2026\u2026\u2026\u2026\u2026\u2026\u2026\u2026\u2026\u2026\u2026\u2026\u2026\u2026\u2026\u2026\u2026\u2026\u2026\u2026\u2026\u2026\u2026\u2026\u2026\u2026. 23<\/p>\n<p>3. ASEEN K\u00c4SITTELY JA AMPUMA-ASENNOT<br \/>\n3.1 Ampuma-asennot \u2026\u2026\u2026\u2026\u2026\u2026\u2026\u2026\u2026\u2026\u2026\u2026\u2026\u2026\u2026\u2026\u2026\u2026\u2026\u2026\u2026\u2026\u2026\u2026\u2026\u2026\u2026\u2026\u2026\u2026\u2026 27<br \/>\n3.2 Aseen tukeminen \u2026\u2026\u2026\u2026\u2026\u2026\u2026\u2026\u2026\u2026\u2026\u2026\u2026\u2026\u2026\u2026\u2026\u2026\u2026\u2026\u2026\u2026\u2026\u2026\u2026\u2026\u2026\u2026\u2026\u2026\u2026 31<br \/>\n3.3 Lukon k\u00e4sittely \u2026\u2026\u2026\u2026\u2026\u2026\u2026\u2026\u2026\u2026\u2026\u2026\u2026\u2026\u2026\u2026\u2026\u2026\u2026\u2026\u2026\u2026\u2026\u2026\u2026\u2026\u2026\u2026\u2026\u2026\u2026\u2026 33<\/p>\n<p>4. KEVYT TARKKUUSKIV\u00c4\u00c4RI<br \/>\n4.1 Pienoiskiv\u00e4\u00e4ri tarkka-ampujan aseena \u2026\u2026\u2026\u2026\u2026\u2026\u2026\u2026\u2026\u2026\u2026\u2026\u2026\u2026\u2026\u2026\u2026\u2026\u2026\u2026 35<br \/>\n4.2 Patruunat \u2026\u2026\u2026\u2026\u2026\u2026\u2026\u2026\u2026\u2026\u2026\u2026\u2026\u2026\u2026\u2026\u2026\u2026\u2026\u2026\u2026\u2026\u2026\u2026\u2026\u2026\u2026\u2026\u2026\u2026\u2026\u2026\u2026\u2026.. 37<br \/>\n4.3 K\u00e4yt\u00f6ss\u00e4 olevia aseita \u2026\u2026\u2026\u2026\u2026\u2026\u2026\u2026\u2026\u2026\u2026\u2026\u2026\u2026\u2026\u2026\u2026\u2026\u2026\u2026\u2026\u2026\u2026\u2026\u2026\u2026\u2026\u2026. 39<br \/>\n4.4 Pienoiskiv\u00e4\u00e4rin k\u00e4ytt\u00f6 tarkka-ammunnan harjoittelun \u2026\u2026\u2026\u2026\u2026\u2026\u2026\u2026\u2026\u2026\u2026\u2026.. 41<br \/>\n4.5 Pienoiskiv\u00e4\u00e4rin ja optiikan virittely\u00e4 \u2026\u2026\u2026\u2026\u2026\u2026\u2026\u2026\u2026\u2026\u2026\u2026\u2026\u2026\u2026\u2026\u2026\u2026\u2026\u2026\u2026.. 42<br \/>\n4.6 Vaimennettujen aseiden vertailua \u2026\u2026\u2026\u2026\u2026\u2026\u2026\u2026\u2026\u2026\u2026\u2026\u2026\u2026\u2026\u2026\u2026\u2026\u2026\u2026\u2026\u2026.. 44<\/p>\n<p>5. RASKAS TARKKUUSKIV\u00c4\u00c4RI<br \/>\n5.1 K\u00e4ytt\u00f6tarkoitus, yleiset ominaisuudet ja historiaa \u2026\u2026\u2026\u2026\u2026\u2026\u2026\u2026\u2026\u2026\u2026\u2026\u2026\u2026.. 47<br \/>\n5.2 12,7 Raskas tarkkuuskiv\u00e4\u00e4ri 2000 \u2026\u2026\u2026\u2026\u2026\u2026\u2026\u2026\u2026\u2026\u2026\u2026\u2026\u2026\u2026\u2026\u2026\u2026\u2026\u2026\u2026\u2026. 49<br \/>\n5.3 Raskaan tarkkuuskiv\u00e4\u00e4rin rakenne \u2026\u2026\u2026\u2026\u2026\u2026\u2026\u2026\u2026\u2026\u2026\u2026\u2026\u2026\u2026\u2026\u2026\u2026\u2026\u2026\u2026\u2026 50<br \/>\n5.4 Patruunat \u2026\u2026\u2026\u2026\u2026\u2026\u2026\u2026\u2026\u2026\u2026\u2026\u2026\u2026\u2026\u2026\u2026\u2026\u2026\u2026\u2026\u2026\u2026\u2026\u2026\u2026\u2026\u2026\u2026\u2026\u2026\u2026\u2026\u2026\u2026 54<br \/>\n5.5 K\u00e4ytt\u00f6henkil\u00f6st\u00f6 \u2026\u2026\u2026\u2026\u2026\u2026\u2026\u2026\u2026\u2026\u2026\u2026\u2026\u2026\u2026\u2026\u2026\u2026\u2026\u2026\u2026\u2026\u2026\u2026\u2026\u2026\u2026\u2026\u2026\u2026\u2026.. 54<br \/>\n5.6 Raskaitten kiv\u00e4\u00e4rien k\u00e4ytt\u00f6 taisteluteht\u00e4viss\u00e4 \u2026\u2026\u2026\u2026\u2026\u2026\u2026\u2026\u2026\u2026\u2026\u2026\u2026\u2026\u2026\u2026. 59<\/p>\n<p>6. ULKOBALLISTIIKKAA<br \/>\n6.1 Koeammunta \u2026\u2026\u2026\u2026\u2026\u2026\u2026\u2026\u2026\u2026\u2026\u2026\u2026\u2026\u2026\u2026\u2026\u2026\u2026\u2026\u2026\u2026\u2026\u2026\u2026\u2026\u2026\u2026\u2026\u2026\u2026\u2026\u2026. 61<br \/>\n6.2 L\u00e4ht\u00f6nopeuden mittaaminen \u2026\u2026\u2026\u2026\u2026\u2026\u2026\u2026\u2026\u2026\u2026\u2026\u2026\u2026\u2026\u2026\u2026\u2026\u2026\u2026\u2026\u2026\u2026\u2026\u2026 64<br \/>\n6.3 Ulkoballistiset tietokoneohjelmat \u2026\u2026\u2026\u2026\u2026\u2026\u2026\u2026\u2026\u2026\u2026\u2026\u2026\u2026\u2026\u2026\u2026\u2026\u2026\u2026\u2026\u2026\u2026. 67<br \/>\n6.4 Aseen optiikkaan integroidut ballistiset laskimet \u2026\u2026\u2026\u2026\u2026\u2026\u2026\u2026\u2026\u2026\u2026\u2026\u2026\u2026\u2026. 69<br \/>\n6.5 Tarkka-ampujan laskutikku \u2026\u2026\u2026\u2026\u2026\u2026\u2026\u2026\u2026\u2026\u2026\u2026\u2026\u2026\u2026\u2026\u2026\u2026\u2026\u2026\u2026\u2026\u2026\u2026\u2026\u2026 70<br \/>\n6.6 Hajonta ja osumatodenn\u00e4k\u00f6isyys \u2026\u2026\u2026\u2026\u2026\u2026\u2026\u2026\u2026\u2026\u2026\u2026\u2026\u2026\u2026\u2026\u2026\u2026\u2026\u2026\u2026\u2026.. 72<br \/>\n6.7 T\u00e4ht\u00e4inkaukoputken matkarummut \u2026\u2026\u2026\u2026\u2026\u2026\u2026\u2026\u2026\u2026\u2026\u2026\u2026\u2026\u2026\u2026\u2026\u2026\u2026\u2026\u2026\u2026 73<br \/>\n6.8 Olosuhdetekij\u00f6iden vaikutus \u2026\u2026\u2026\u2026\u2026\u2026\u2026\u2026\u2026\u2026\u2026\u2026\u2026\u2026\u2026\u2026\u2026\u2026\u2026\u2026\u2026\u2026\u2026\u2026\u2026. 76<br \/>\n6.9 Lakikorkeuden huomioiminen \u2026\u2026\u2026\u2026\u2026\u2026\u2026\u2026\u2026\u2026\u2026\u2026\u2026\u2026\u2026\u2026\u2026\u2026\u2026\u2026\u2026\u2026\u2026\u2026.. 84<\/p>\n<p>7. TULIASEMATY\u00d6SKENTELY JA AMMUNNAN VALMISTELU<br \/>\n7.1 Tuliasematy\u00f6skentelyst\u00e4 \u2026\u2026\u2026\u2026\u2026\u2026\u2026\u2026\u2026\u2026\u2026\u2026\u2026\u2026\u2026\u2026\u2026\u2026\u2026\u2026\u2026\u2026\u2026\u2026\u2026\u2026\u2026. 87<br \/>\n7.2 Et\u00e4isyyden mittaus \u2026\u2026\u2026\u2026\u2026\u2026\u2026\u2026\u2026\u2026\u2026\u2026\u2026\u2026\u2026\u2026\u2026\u2026\u2026\u2026\u2026\u2026\u2026\u2026\u2026\u2026\u2026\u2026\u2026\u2026. 88<br \/>\n7.3 Tuulikorjauksen m\u00e4\u00e4ritt\u00e4minen \u2026\u2026\u2026\u2026\u2026\u2026\u2026\u2026\u2026\u2026\u2026\u2026\u2026\u2026\u2026\u2026\u2026\u2026\u2026\u2026\u2026\u2026\u2026\u2026 95<\/p>\n<p>8. MAALIBALLISTIIKKA<br \/>\n8.1 Henkil\u00f6maalit \u2026\u2026\u2026\u2026\u2026\u2026\u2026\u2026\u2026\u2026\u2026\u2026\u2026\u2026\u2026\u2026\u2026\u2026\u2026\u2026\u2026\u2026\u2026\u2026\u2026\u2026\u2026\u2026\u2026\u2026\u2026\u2026\u2026 101<br \/>\n8.2 Ballistinen suojaus \u2026\u2026\u2026\u2026\u2026\u2026\u2026\u2026\u2026\u2026\u2026\u2026\u2026\u2026\u2026\u2026\u2026\u2026\u2026\u2026\u2026\u2026\u2026\u2026\u2026\u2026\u2026\u2026\u2026\u2026. 103<br \/>\n8.3 Ajoneuvot \u2026\u2026\u2026\u2026\u2026\u2026\u2026\u2026\u2026\u2026\u2026\u2026\u2026\u2026\u2026\u2026\u2026\u2026\u2026\u2026\u2026\u2026\u2026\u2026\u2026\u2026\u2026\u2026\u2026\u2026\u2026\u2026\u2026\u2026\u2026 105<br \/>\n8.4 Ilma-alukset \u2026\u2026\u2026\u2026\u2026\u2026\u2026\u2026\u2026\u2026\u2026\u2026\u2026\u2026\u2026\u2026\u2026\u2026\u2026\u2026\u2026\u2026\u2026\u2026\u2026\u2026\u2026\u2026\u2026\u2026\u2026\u2026\u2026\u2026 108<\/p>\n<p>9. PIME\u00c4TAISTELU JA VASTATARKKA-AMPUJATOIMINTA<br \/>\n9.1 Pime\u00e4taistelu \u2026\u2026\u2026\u2026\u2026\u2026\u2026\u2026\u2026\u2026\u2026\u2026\u2026\u2026\u2026\u2026\u2026\u2026\u2026\u2026\u2026\u2026\u2026\u2026\u2026\u2026\u2026\u2026\u2026\u2026\u2026\u2026\u2026 111<br \/>\n9.2 Vastatarkka-ampujatoiminta \u2026\u2026\u2026\u2026\u2026\u2026\u2026\u2026\u2026\u2026\u2026\u2026\u2026\u2026\u2026\u2026\u2026\u2026\u2026\u2026\u2026\u2026\u2026\u2026\u2026. 127<\/p>\n<p>10. JOHTAMINEN JA JOUKKOJEN PERUSTAMINEN<br \/>\n10.1 Johtaminen \u2026\u2026\u2026\u2026\u2026\u2026\u2026\u2026\u2026\u2026\u2026\u2026\u2026\u2026\u2026\u2026\u2026\u2026\u2026\u2026\u2026\u2026\u2026\u2026\u2026\u2026\u2026\u2026\u2026\u2026\u2026\u2026\u2026.. 129<br \/>\n10.2 Joukkojen perustaminen \u2026\u2026\u2026\u2026\u2026\u2026\u2026\u2026\u2026\u2026\u2026\u2026\u2026\u2026\u2026\u2026\u2026\u2026\u2026\u2026\u2026\u2026\u2026\u2026\u2026\u2026\u2026. 131<br \/>\n11. KOHTEEN SUOJAAMINEN JA KANSAINV\u00c4LISET TEHT\u00c4V\u00c4T<br \/>\n11.1 Kohteen suojaaminen \u2026\u2026\u2026\u2026\u2026\u2026\u2026\u2026\u2026\u2026\u2026\u2026\u2026\u2026\u2026\u2026\u2026\u2026\u2026\u2026\u2026\u2026\u2026\u2026\u2026\u2026\u2026\u2026.. 134<br \/>\n11.2 Kansainv\u00e4liset teht\u00e4v\u00e4t \u2026\u2026\u2026\u2026\u2026\u2026\u2026\u2026\u2026\u2026\u2026\u2026\u2026\u2026\u2026\u2026\u2026\u2026\u2026\u2026\u2026\u2026\u2026\u2026\u2026\u2026\u2026\u2026 137<\/p>\n<p>12. TARKKA-AMPUJIEN K\u00c4YTT\u00d6 POLIISITEHT\u00c4VISS\u00c4<br \/>\n12.1 Poliisin tarkka-ampujatoiminnan erityispiirteet \u2026\u2026\u2026\u2026\u2026\u2026\u2026\u2026\u2026\u2026\u2026\u2026\u2026\u2026\u2026\u2026. 139<br \/>\n12.2 Varustus \u2026\u2026\u2026\u2026\u2026\u2026\u2026\u2026\u2026\u2026\u2026\u2026\u2026\u2026\u2026\u2026\u2026\u2026\u2026\u2026\u2026\u2026\u2026\u2026\u2026\u2026\u2026\u2026\u2026\u2026\u2026\u2026\u2026\u2026\u2026.. 140<br \/>\n12.3 Ampujien valinta ja harjoittelu \u2026\u2026\u2026\u2026\u2026\u2026\u2026\u2026\u2026\u2026\u2026\u2026\u2026\u2026\u2026\u2026\u2026\u2026\u2026\u2026\u2026\u2026\u2026\u2026.. 142<br \/>\n12.4 Teht\u00e4v\u00e4t eri tilanteissa \u2026\u2026\u2026\u2026\u2026\u2026\u2026\u2026\u2026\u2026\u2026\u2026\u2026\u2026\u2026\u2026\u2026\u2026\u2026\u2026\u2026\u2026\u2026\u2026\u2026\u2026\u2026\u2026 143<br \/>\n12.5 Virka-apu pelastuslaitokselle \u2026\u2026\u2026\u2026\u2026\u2026\u2026\u2026\u2026\u2026\u2026\u2026\u2026\u2026\u2026\u2026\u2026\u2026\u2026\u2026\u2026\u2026\u2026\u2026\u2026 144<\/p>\n<p>13. TUKIAMPUJA<br \/>\n13.1 Henkil\u00f6st\u00f6 \u2026\u2026\u2026\u2026\u2026\u2026\u2026\u2026\u2026\u2026\u2026\u2026\u2026\u2026\u2026\u2026\u2026\u2026\u2026\u2026\u2026\u2026\u2026\u2026\u2026\u2026\u2026\u2026\u2026\u2026\u2026\u2026\u2026\u2026.. 146<br \/>\n13.2 Aseet ja optiikka \u2026\u2026\u2026\u2026\u2026\u2026\u2026\u2026\u2026\u2026\u2026\u2026\u2026\u2026\u2026\u2026\u2026\u2026\u2026\u2026\u2026\u2026\u2026\u2026\u2026\u2026\u2026\u2026\u2026\u2026\u2026 146<br \/>\n13.3 Ulkoballistiikkaa \u2026\u2026\u2026\u2026\u2026\u2026\u2026\u2026\u2026\u2026\u2026\u2026\u2026\u2026\u2026\u2026\u2026\u2026\u2026\u2026\u2026\u2026\u2026\u2026\u2026\u2026\u2026\u2026\u2026\u2026\u2026. 148<br \/>\n13.4 Koulutus \u2026\u2026\u2026\u2026\u2026\u2026\u2026\u2026\u2026\u2026\u2026\u2026\u2026\u2026\u2026\u2026\u2026\u2026\u2026\u2026\u2026\u2026\u2026\u2026\u2026\u2026\u2026\u2026\u2026\u2026\u2026\u2026\u2026\u2026\u2026 150<br \/>\nLIITTEET<br \/>\n1. Esimerkki ratakortista \u2026\u2026\u2026\u2026\u2026\u2026\u2026\u2026\u2026\u2026\u2026\u2026\u2026\u2026\u2026\u2026\u2026\u2026\u2026\u2026\u2026\u2026\u2026\u2026\u2026\u2026\u2026\u2026\u2026. 152<br \/>\n2. Esimerkki ratakortista \u2026\u2026\u2026\u2026\u2026\u2026\u2026\u2026\u2026\u2026\u2026\u2026\u2026\u2026\u2026\u2026\u2026\u2026\u2026\u2026\u2026\u2026\u2026\u2026\u2026\u2026\u2026\u2026\u2026. 153<br \/>\n3. Tarkka-ampujan et\u00e4isyydenmittaustaulukko \u2026\u2026\u2026\u2026\u2026\u2026\u2026\u2026\u2026\u2026\u2026\u2026\u2026\u2026\u2026\u2026\u2026\u2026\u2026. 154<br \/>\n4. Esimerkki MPK Ry:n harjoituksena pidetyn tarkka-ampujakurssin tavoitteista \u2026 155<br \/>\n5. Esimerkki tarkka-ampuja 1 kurssin ohjelmasta \u2026\u2026\u2026\u2026\u2026\u2026\u2026\u2026\u2026\u2026\u2026\u2026\u2026\u2026 157<br \/>\n6. Esimerkki tarkka-ampuja 2 kurssin ohjelmasta \u2026\u2026\u2026\u2026\u2026\u2026\u2026\u2026\u2026\u2026\u2026\u2026\u2026\u2026 159<br \/>\n7. Esimerkki tarkka-ampuja 3 kurssin ohjelmasta \u2026\u2026\u2026\u2026\u2026\u2026\u2026\u2026\u2026\u2026\u2026\u2026\u2026\u2026 161<br \/>\n8. Esimerkki tarkka-ampuja 4 kurssin ohjelmasta \u2026\u2026\u2026\u2026\u2026\u2026\u2026\u2026\u2026\u2026\u2026\u2026\u2026\u2026 163<br \/>\n9. Kohdistustaulu 100 metrin et\u00e4isyydelle \u2026\u2026\u2026\u2026\u2026\u2026\u2026\u2026\u2026\u2026\u2026\u2026\u2026\u2026\u2026\u2026\u2026\u2026 165<br \/>\n10. Esimerkki tilannetaulusta \u2026\u2026\u2026\u2026\u2026\u2026\u2026\u2026\u2026\u2026\u2026\u2026\u2026\u2026\u2026\u2026\u2026\u2026\u2026\u2026\u2026\u2026\u2026\u2026.. 166<br \/>\n11. Esimerkki tilannetaulusta \u2026\u2026\u2026\u2026\u2026\u2026\u2026\u2026\u2026\u2026\u2026\u2026\u2026\u2026\u2026\u2026\u2026\u2026\u2026\u2026\u2026\u2026\u2026\u2026.. 167<br \/>\n12. Esimerkki tilannetaulusta \u2026\u2026\u2026\u2026\u2026\u2026\u2026\u2026\u2026\u2026\u2026\u2026\u2026\u2026\u2026\u2026\u2026\u2026\u2026\u2026\u2026\u2026\u2026\u2026.. 168<br \/>\n13. Kasvotaulu \u2026\u2026\u2026\u2026\u2026\u2026\u2026\u2026\u2026\u2026\u2026\u2026\u2026\u2026\u2026\u2026\u2026\u2026\u2026\u2026\u2026\u2026\u2026\u2026\u2026\u2026\u2026\u2026\u2026\u2026\u2026\u2026 169<br \/>\n14. Puolustusvoimien perusammunnoissa k\u00e4ytett\u00e4vi\u00e4 ampumatauluja \u2026\u2026\u2026 170<br \/>\n15. Tarkka-ampujien testi Maanpuolustuskoulutusyhdistyksen kursseilla \u2026.. 171<br \/>\n16. Tarkka-ampujan omasuoja testiammunta \u2026\u2026\u2026\u2026\u2026\u2026\u2026\u2026\u2026\u2026\u2026\u2026\u2026\u2026\u2026\u2026 174<br \/>\n17. Tarkka-ampujan testiammunta lyhyille matkoille \u2026\u2026\u2026\u2026\u2026\u2026\u2026\u2026\u2026\u2026\u2026\u2026. 175<br \/>\n18. Esimerkkej\u00e4 tarkka-ampujakilpailun teht\u00e4vist\u00e4 \u2026\u2026\u2026\u2026\u2026\u2026\u2026\u2026\u2026\u2026\u2026\u2026\u2026 176<br \/>\n19. L\u00e4ht\u00f6nopeuden mittaustaulukko \u2026\u2026\u2026\u2026\u2026\u2026\u2026\u2026\u2026\u2026\u2026\u2026\u2026\u2026\u2026\u2026\u2026\u2026\u2026\u2026 183<br \/>\n20. Esimerkki l\u00e4ht\u00f6nopeusmittauksen esitt\u00e4misest\u00e4 graafisesti \u2026\u2026\u2026\u2026\u2026\u2026 182<br \/>\n21. Yleistasomittari ja kulmayksik\u00f6t \u2026\u2026\u2026\u2026\u2026\u2026\u2026\u2026\u2026\u2026\u2026\u2026\u2026\u2026\u2026\u2026\u2026\u2026\u2026\u2026. 184<br \/>\n22. Tarkka-ampujan milliradiaanikolmio ja tuulikomponenttikorjain \u2026\u2026\u2026\u2026.. 185<br \/>\n23. Korjaustaulukko 8,6 KIV 2000 aseelle, luoti Lapua B408 \u2026\u2026\u2026\u2026\u2026\u2026\u2026.. 186<br \/>\n24. Korjaustaulukko 7,62 KIV 85 aseelle, luoti Lapua D166 \u2026\u2026\u2026\u2026\u2026\u2026\u2026\u2026 187<br \/>\n25. Ruudin l\u00e4mp\u00f6tilan vaikutus luodin l\u00e4ht\u00f6nopeuteen \u2026\u2026\u2026\u2026\u2026\u2026\u2026\u2026\u2026\u2026. 188<br \/>\n26. Puolustusvoimien tarkkuuskiv\u00e4\u00e4rien koros\u00e4\u00e4d\u00f6t \u2026\u2026\u2026\u2026\u2026\u2026\u2026\u2026\u2026\u2026\u2026.. 189<br \/>\n27. Stadia asteikon k\u00e4ytt\u00f6 eri kokoisten kohteiden mittaamiseen \u2026\u2026\u2026\u2026\u2026 190<br \/>\n28. T\u00e4ht\u00e4inkaukoputkien asteikkoja \u2026\u2026\u2026\u2026\u2026\u2026\u2026\u2026\u2026\u2026\u2026\u2026\u2026\u2026\u2026\u2026\u2026\u2026\u2026\u2026 191<br \/>\n29. Maalin leikkaaminen millimetritasolla \u2026\u2026\u2026\u2026\u2026\u2026\u2026\u2026\u2026\u2026\u2026\u2026\u2026\u2026\u2026\u2026\u2026. 195<br \/>\n30. V\u00e4reilyst\u00e4 johtuva maalin kuvan siirtyminen \u2026\u2026\u2026\u2026\u2026\u2026\u2026\u2026\u2026\u2026\u2026\u2026\u2026.. 197<br \/>\n31. Tuulikorjauskiekko KIV 85 (mrad) \u2026\u2026\u2026\u2026\u2026\u2026\u2026\u2026\u2026\u2026\u2026\u2026\u2026\u2026\u2026\u2026\u2026\u2026\u2026 198<br \/>\n32. Tuulikorjauskiekko KIV 2000 (mrad) \u2026\u2026\u2026\u2026\u2026\u2026\u2026\u2026\u2026\u2026\u2026\u2026\u2026\u2026\u2026\u2026\u2026.. 199<br \/>\n33. Valonvahvistin 2000 k\u00e4ytt\u00f6 rynn\u00e4kk\u00f6kiv\u00e4\u00e4rin t\u00e4ht\u00e4imen\u00e4 \u2026\u2026\u2026\u2026\u2026\u2026\u2026 200<br \/>\n34. 8,6 KIV 2000 l\u00e4mp\u00f6t\u00e4ht\u00e4imen asteikon k\u00e4ytt\u00f6 \u2026\u2026\u2026\u2026\u2026\u2026\u2026\u2026\u2026\u2026\u2026\u2026.. 201<br \/>\n35. K\u00e4skyrunko ja esimerkkik\u00e4sky tarkka-ampujille \u2026\u2026\u2026\u2026\u2026\u2026\u2026\u2026\u2026\u2026\u2026\u2026 202<br \/>\n36. Koordinaattien mittaaminen kartalta \u2026\u2026\u2026\u2026\u2026\u2026\u2026\u2026\u2026\u2026\u2026\u2026\u2026\u2026\u2026\u2026\u2026.. 203<br \/>\n37. Suunnan ja et\u00e4isyyden mittaaminen kartalta \u2026\u2026\u2026\u2026\u2026\u2026\u2026\u2026\u2026\u2026\u2026\u2026\u2026 204<br \/>\n38. Suuntaympyr\u00e4 \u2026\u2026\u2026\u2026\u2026\u2026\u2026\u2026\u2026\u2026\u2026\u2026\u2026\u2026\u2026\u2026\u2026\u2026\u2026\u2026\u2026\u2026\u2026\u2026\u2026\u2026\u2026\u2026\u2026 207<br \/>\n39. Taktisia merkkej\u00e4 ja merkint\u00f6j\u00e4 karttaan \u2026\u2026\u2026\u2026\u2026\u2026\u2026\u2026\u2026\u2026\u2026\u2026\u2026\u2026\u2026.. 208<br \/>\n40. T\u00e4ht\u00e4inkaukoputken kylm\u00e4kohdistus ja s\u00e4\u00e4t\u00f6varojen tarkistaminen \u2026. 210<br \/>\n41. Kiv\u00e4\u00e4rikaukoputki 2004 t\u00e4ht\u00e4inristikon milliradiaaniset mitat \u2026\u2026\u2026\u2026\u2026 211<br \/>\n42. Tuulikorjauksen huomioiminen kiv\u00e4\u00e4rikaukoputki 2004 asteikolla \u2026\u2026. 212<br \/>\n43. Rynn\u00e4kk\u00f6kiv\u00e4\u00e4rin kallistamisen vaikutus osumapisteeseen \u2026\u2026\u2026\u2026\u2026. 213<br \/>\n44. Rynn\u00e4kk\u00f6kiv\u00e4\u00e4rin ennakkopisteet liikkuvaan maaliin \u2026\u2026\u2026\u2026\u2026\u2026\u2026\u2026\u2026 214<br \/>\n45. Rynn\u00e4kk\u00f6kiv\u00e4\u00e4rin harjoitustaulu 100 metrin et\u00e4isyydelle \u2026\u2026\u2026\u2026\u2026\u2026.. 215<\/p>\n","protected":false},"excerpt":{"rendered":"<p>ISBN 978-952-93-4652-3<\/p>\n<p>Koko A4<\/p>\n<p>Sivuja: 166<\/p>\n<p>Kuvia 162<\/p>\n<p>Paino: 0,58kg<\/p>\n","protected":false},"featured_media":285,"comment_status":"open","ping_status":"closed","template":"","meta":{"ocean_post_layout":"","ocean_both_sidebars_style":"","ocean_both_sidebars_content_width":0,"ocean_both_sidebars_sidebars_width":0,"ocean_sidebar":"0","ocean_second_sidebar":"0","ocean_disable_margins":"enable","ocean_add_body_class":"","ocean_shortcode_before_top_bar":"","ocean_shortcode_after_top_bar":"","ocean_shortcode_before_header":"","ocean_shortcode_after_header":"","ocean_has_shortcode":"","ocean_shortcode_after_title":"","ocean_shortcode_before_footer_widgets":"","ocean_shortcode_after_footer_widgets":"","ocean_shortcode_before_footer_bottom":"","ocean_shortcode_after_footer_bottom":"","ocean_display_top_bar":"default","ocean_display_header":"default","ocean_header_style":"","ocean_center_header_left_menu":"0","ocean_custom_header_template":"0","ocean_custom_logo":0,"ocean_custom_retina_logo":0,"ocean_custom_logo_max_width":0,"ocean_custom_logo_tablet_max_width":0,"ocean_custom_logo_mobile_max_width":0,"ocean_custom_logo_max_height":0,"ocean_custom_logo_tablet_max_height":0,"ocean_custom_logo_mobile_max_height":0,"ocean_header_custom_menu":"0","ocean_menu_typo_font_family":"0","ocean_menu_typo_font_subset":"","ocean_menu_typo_font_size":0,"ocean_menu_typo_font_size_tablet":0,"ocean_menu_typo_font_size_mobile":0,"ocean_menu_typo_font_size_unit":"px","ocean_menu_typo_font_weight":"","ocean_menu_typo_font_weight_tablet":"","ocean_menu_typo_font_weight_mobile":"","ocean_menu_typo_transform":"","ocean_menu_typo_transform_tablet":"","ocean_menu_typo_transform_mobile":"","ocean_menu_typo_line_height":0,"ocean_menu_typo_line_height_tablet":0,"ocean_menu_typo_line_height_mobile":0,"ocean_menu_typo_line_height_unit":"","ocean_menu_typo_spacing":0,"ocean_menu_typo_spacing_tablet":0,"ocean_menu_typo_spacing_mobile":0,"ocean_menu_typo_spacing_unit":"","ocean_menu_link_color":"","ocean_menu_link_color_hover":"","ocean_menu_link_color_active":"","ocean_menu_link_background":"","ocean_menu_link_hover_background":"","ocean_menu_link_active_background":"","ocean_menu_social_links_bg":"","ocean_menu_social_hover_links_bg":"","ocean_menu_social_links_color":"","ocean_menu_social_hover_links_color":"","ocean_disable_title":"default","ocean_disable_heading":"default","ocean_post_title":"","ocean_post_subheading":"","ocean_post_title_style":"","ocean_post_title_background_color":"","ocean_post_title_background":0,"ocean_post_title_bg_image_position":"","ocean_post_title_bg_image_attachment":"","ocean_post_title_bg_image_repeat":"","ocean_post_title_bg_image_size":"","ocean_post_title_height":0,"ocean_post_title_bg_overlay":0.5,"ocean_post_title_bg_overlay_color":"","ocean_disable_breadcrumbs":"default","ocean_breadcrumbs_color":"","ocean_breadcrumbs_separator_color":"","ocean_breadcrumbs_links_color":"","ocean_breadcrumbs_links_hover_color":"","ocean_display_footer_widgets":"default","ocean_display_footer_bottom":"default","ocean_custom_footer_template":"0","jetpack_publicize_message":"","jetpack_publicize_feature_enabled":true,"jetpack_social_post_already_shared":false,"jetpack_social_options":{"image_generator_settings":{"template":"highway","default_image_id":0,"font":"","enabled":false},"version":2}},"pwb-brand":[],"product_brand":[],"product_cat":[86],"product_tag":[2115,2116,2120,88,2123,2112,2113,2114,2118,87,2119,2122,817,223,156,2121,2117],"class_list":{"0":"post-287","1":"product","2":"type-product","3":"status-publish","4":"has-post-thumbnail","6":"product_cat-kirjat","7":"product_tag-aseet","8":"product_tag-balistiikka","9":"product_tag-johtaminen","10":"product_tag-kirja","11":"product_tag-kohdistustaulu","12":"product_tag-koulutus","13":"product_tag-kurssi","14":"product_tag-kurssikirja","15":"product_tag-maalibalistiikka","16":"product_tag-pauli-salo","17":"product_tag-pimeataistelu","18":"product_tag-ratakortti","19":"product_tag-sniper","20":"product_tag-tarkka-ammunta","21":"product_tag-tarkka-ampuja-2","22":"product_tag-tukiampuja","23":"product_tag-tuliasema","25":"entry","26":"has-media","28":"first","29":"onbackorder","30":"taxable","31":"shipping-taxable","32":"purchasable","33":"product-type-simple","34":"has-product-nav","35":"col","36":"span_1_of_4","37":"owp-content-center","38":"owp-thumbs-layout-horizontal","39":"owp-btn-normal","40":"owp-tabs-layout-horizontal","41":"has-no-thumbnails"},"jetpack_publicize_connections":[],"jetpack_sharing_enabled":true,"brands":[],"_links":{"self":[{"href":"https:\/\/mildot.fi\/index.php\/wp-json\/wp\/v2\/product\/287","targetHints":{"allow":["GET"]}}],"collection":[{"href":"https:\/\/mildot.fi\/index.php\/wp-json\/wp\/v2\/product"}],"about":[{"href":"https:\/\/mildot.fi\/index.php\/wp-json\/wp\/v2\/types\/product"}],"replies":[{"embeddable":true,"href":"https:\/\/mildot.fi\/index.php\/wp-json\/wp\/v2\/comments?post=287"}],"wp:featuredmedia":[{"embeddable":true,"href":"https:\/\/mildot.fi\/index.php\/wp-json\/wp\/v2\/media\/285"}],"wp:attachment":[{"href":"https:\/\/mildot.fi\/index.php\/wp-json\/wp\/v2\/media?parent=287"}],"wp:term":[{"taxonomy":"pwb-brand","embeddable":true,"href":"https:\/\/mildot.fi\/index.php\/wp-json\/wp\/v2\/pwb-brand?post=287"},{"taxonomy":"product_brand","embeddable":true,"href":"https:\/\/mildot.fi\/index.php\/wp-json\/wp\/v2\/product_brand?post=287"},{"taxonomy":"product_cat","embeddable":true,"href":"https:\/\/mildot.fi\/index.php\/wp-json\/wp\/v2\/product_cat?post=287"},{"taxonomy":"product_tag","embeddable":true,"href":"https:\/\/mildot.fi\/index.php\/wp-json\/wp\/v2\/product_tag?post=287"}],"curies":[{"name":"wp","href":"https:\/\/api.w.org\/{rel}","templated":true}]}}