{"id":15307,"date":"2025-05-08T09:48:41","date_gmt":"2025-05-08T07:48:41","guid":{"rendered":"https:\/\/mildot.fi\/?post_type=product&#038;p=15307"},"modified":"2025-06-02T12:08:13","modified_gmt":"2025-06-02T10:08:13","slug":"garmin-instinct-3-45-mm-solar-tactical-edition-black","status":"publish","type":"product","link":"https:\/\/mildot.fi\/index.php\/product\/garmin-instinct-3-45-mm-solar-tactical-edition-black\/","title":{"rendered":"Garmin Instinct 3 45 mm Solar Tactical Edition Black"},"content":{"rendered":"<p><strong>Taktiset toiminnot<\/strong>: N\u00e4et ajan, tahdin, kellonajan, korkeuden ja sijaintisi molempina koordinaattityyppein\u00e4.<\/p>\n<p><strong>Vahva muotoilu<\/strong>: Kesta\u0308va\u0308sti muotoillussa Tactical-a\u0308lykellossa on metallilujitteinen kellonkeha\u0308 ja naarmuuntumista est\u00e4v\u00e4 na\u0308ytto\u0308.<\/p>\n<p><strong>Applied Ballistics -laskin<\/strong>: Esiladatussa Applied Ballistics -laskimessa saat k\u00e4ytt\u00f6\u00f6si t\u00e4ht\u00e4ysratkaisuja pitk\u00e4n kantaman ammuntaa varten (edellytt\u00e4\u00e4 kertamaksua).<\/p>\n<p><strong>Jumpmaster-tila<\/strong>: Laskee laskuvarjohypp\u00e4yssijainnit armeijan ohjeiden mukaan ja navigoi tavoitteeseen hypyn j\u00e4lkeen.<\/p>\n<p><strong>Salatila<\/strong>: Salatilassa kello lopettaa GPS-sijaintisi tallennuksen ja jaon sek\u00e4 poistaa k\u00e4yt\u00f6st\u00e4 langattomat yhteydet ja viestinn\u00e4n.<\/p>\n<p><strong>Rucking-suoritus<\/strong>: Rucking on k\u00e4vely\u00e4\/vaellusta painokuorman kanssa, joka vahvistaa jalkoja, vartaloa ja tarjoten samalla sopivan kardioharjoituksen. Erityisess\u00e4 rucking-suoritusprofiilissa voit m\u00e4\u00e4ritt\u00e4\u00e4 kannettavan painon suoraan kelloon ja l\u00e4hte\u00e4 sitten matkaan.<\/p>\n<p><strong>H\u00e4m\u00e4r\u00e4n\u00e4k\u00f6toiminto<\/strong>: NVG-tila (Night-Vision Goggle) mahdollistaa huomaamattoman toiminnan pime\u00e4ss\u00e4. Sen s\u00e4\u00e4timill\u00e4 voit est\u00e4\u00e4 havaitsemista himment\u00e4m\u00e4ll\u00e4 n\u00e4ytt\u00f6\u00e4 tai kokonaan piment\u00e4m\u00e4ll\u00e4 n\u00e4yt\u00f6n.<\/p>\n<p><strong>Projisoidut reittipisteet<\/strong>: Aseta ja tallenna maantieteellisi\u00e4 et\u00e4pisteit\u00e4, joita voit k\u00e4ytt\u00e4\u00e4 my\u00f6hemmin GPS-navigointiin.<\/p>\n<p><strong>Integroitu taskulamppu<\/strong>: Integroidussa LED-taskulampussa on sa\u0308a\u0308detta\u0308va\u0308 valoteho ja vilkkuva valo, jotka parantavat n\u00e4kyvyytt\u00e4 ulkona liikuttaessa ja tarjoavat hyo\u0308dyllista\u0308 valaistusta tarvittaessa. LED-taskulamppu tarjoaa kirkkaan, tasaisen valokeilan joko vihrea\u0308na\u0308 tai valkoisena.<\/p>\n<p><strong>AB Quantum -sovellus<\/strong>: Lataamalla AB Quantum -mobiilisovelluksen yhteensopivaan Apple- tai Android-\u00e4lypuhelimeesi voit hallita profiileja ja kohteita sek\u00e4 k\u00e4ytt\u00e4\u00e4 \u00e4lypuhelinta lis\u00e4n\u00e4ytt\u00f6n\u00e4.<\/p>\n<p><strong>Suojattu poisto<\/strong>: Jos suojausongelmia ilmenee, Suojattu Poisto tyhjent\u00e4\u00e4 laitteen k\u00e4ytt\u00e4j\u00e4muistin kokonaan.<\/p>\n<h3>T\u00e4rkeimm\u00e4t ominaisuudet<\/h3>\n<p>&nbsp;<\/p>\n<p><strong>GPS-navigointianturit<\/strong>: Navigointi korkealaatuisella sijaintitarkkuudella monitaajuus-GPS:n, SatIQ- teknologian seka\u0308 korkeusanturin, barometrisen ilmanpaineanturin ja kolmiakselisen kompassin avulla. Navigointi monitaajuus-GPS:n ja SatIQ-teknologian avulla tarjoaa erinomaista sijaintitarkkuutta akun kulutusta optimoiden.<\/p>\n<p><strong>Parannettu aurinkolataus<\/strong>: Jos ulkoilma-aktiviteeteissa tarvitaan viela\u0308 parempaa akun kestoa, Instinct 3 Tactical Edition on saatavissa mustavalkoisella, tera\u0308va\u0308lla\u0308, transflektiivisiella\u0308 MIP- na\u0308yto\u0308lla\u0308, jonka aurinkolatauslinssi tarjoaa rajatonta akun kestoa a\u0308lykellotilassa.<\/p>\n<p><strong>Garmin Share<\/strong>: Hy\u00f6dynn\u00e4 Garmin Share -sovellusta tallennettujen sijaintien, reittien ja harjoitusten jakoon yst\u00e4vien ja muiden k\u00e4ytt\u00e4jien yhteensopiviin Garmin-laitteisiin.<\/p>\n<p><strong>Garmin Pay -l\u00e4himaksu<\/strong>: Nopeuta maksamista kassalla tai maksuja\u0308rjestelmissa\u0308 mukana olevien palveluntarjoajien ja\u0308rjestelmissa\u0308.<\/p>\n<p><strong>Garmin Coach<\/strong>: Valmistaudu seuraavaan kilpailuun, harjoittele tavoitteeseen tai paranna yleiskuntoa mukautuvien tai esiladittujen Garmin Coach -harjoitusohjelmien avulla.<\/p>\n<p><strong>Garmin Golf<\/strong>: Luo jokaiselle kentta\u0308kierrokselle turnausfiilista\u0308 kilpailemalla virtuaalisesti muiden golfareiden kanssa yli 43,000 golfkenta\u0308lla\u0308 eri puolilla maailmaa.<\/p>\n<p><strong>Garmin Messenger<\/strong>: Lataa Garmin Messenger -sovellus yhteensopivaan a\u0308lypuhelimeen ja pariliita\u0308 sitten yhteensopivaan inReach-laitteeseen. Ta\u0308llo\u0308in ka\u0308yto\u0308ssa\u0308 on nopea ja helppo viestinta\u0308, jota ei rajoita matkapuhelinverkon kantoalue. Voit myo\u0308s pariliitta\u0308a\u0308 Instinct 3 Tactical Edition -a\u0308lykello kaksisuuntaista viestinta\u0308a\u0308 varten.<\/p>\n<p><strong>Connect IQ-kauppa<\/strong>: Lataa mukautettuja kellotauluja, lis\u00e4\u00e4 tietokentti\u00e4 ja hanki sovelluksia ja widgettej\u00e4 Connect IQ Store -sovelluksesta yhteensopivalla \u00e4lypuhelimellasi.<\/p>\n<p><strong>\u00c4lykk\u00e4\u00e4t ilmoitukset<\/strong>: Sa\u0308hko\u0308postien, tekstiviestien ja ha\u0308lytysten vastaanotto suoraan kellon na\u0308yto\u0308lle, kun kello on pariliitetty yhteensopivaan Apple- tai Android \u00e4lypuhelimeen.<\/p>\n<p><strong>Hyvinvoinnin seuranta<\/strong>: Lukuisia hyvinvoinnin seurantaominaisuuksia, kuten syke, edistyksellinen unen seuranta, stressitason seuranta, sykeva\u0308livaihtelu ja veren happisaturaation seuranta.<\/p>\n<p><strong>Unipisteet ja yksityiskohtainen unentarkkailu<\/strong>: Saat t\u00e4ydellisen erittelyn kevyest\u00e4, syv\u00e4st\u00e4 ja REM-unen vaiheista. Voit tarkastella n\u00e4it\u00e4 erillisess\u00e4 widgetiss\u00e4, joka sis\u00e4lt\u00e4\u00e4 unipistem\u00e4\u00e4r\u00e4n ja n\u00e4kemyksi\u00e4.<\/p>\n<p><strong>Integroidut aktiviteetit<\/strong>: Seuraa aktiviteettejasi, muun muassa ka\u0308vely, juoksu, pyo\u0308ra\u0308ily, vaellus, voimaharjoittelu.<\/p>\n<p><strong>P\u00e4ivitt\u00e4iset harjoitusehdotukset<\/strong>: Tarkista koko viikon ehdotetut harjoitukset, jotka mukautuvat jokaisen juoksu- tai pyo\u0308ra\u0308lenkin ja\u0308lkeen.<\/p>\n<p><strong>VO2max<\/strong>: Harjoittele \u00e4lykk\u00e4\u00e4mmin VO2max-arvon avulla, joka on indikaattori siit\u00e4, miten voit odottaa suorituskyky\u00e4si. Se ottaa huomioon jopa l\u00e4mm\u00f6n tai korkeuden aiheuttamat muutokset suorituskyvyss\u00e4.<\/p>\n<p><strong>Pulse Ox<\/strong>: Korkeuteen sopeutumista tai unen seurantaa varten Pulse Ox -anturi k\u00e4ytt\u00e4\u00e4 ranteeseesi kohdistuvia valons\u00e4teit\u00e4 arvioidakseen, kuinka hyvin kehosi imee happea.<\/p>\n<p><strong>Aamuraportti<\/strong>: Aloita jokainen pa\u0308iva\u0308 mukautettavalla aamuraportilla, joka sisa\u0308lta\u0308a\u0308 yhteenvedon hyvinvointi- ja terveystiedoista. Hyo\u0308dynna\u0308 harjoitteluvalmius-toimintoa, joka seuraa useita hyvinvointitietoja ja auttaa optimoimaan harjoittelun tehokkuutta ja palautumista seka\u0308 va\u0308ltta\u0308ma\u0308a\u0308n ylirasitusta.<\/p>\n<p><strong>Turvallisuus ja seurantaominaisuudet<\/strong>: Jos tunnet olosi turvattomaksi tai jos kello havaitsee tapahtuneen vaaratilanteen, apu- ja vaaratilanteiden havaitsemisominaisuudet voivat l\u00e4hett\u00e4\u00e4 sijaintisi sis\u00e4lt\u00e4v\u00e4n viestin h\u00e4t\u00e4yhteyshenkil\u00f6illesi, kun kello on yhdistetty yhteensopivan \u00e4lypuhelimen kanssa.<\/p>\n<h3>Tekniset tiedot:<\/h3>\n<ul>\n<li>Mitat: 45 x 45 x 14,9 mm<\/li>\n<li>N\u00e4ytt\u00f6: Mustavalkoinen, auringonpaisteessakin luettava, transflektiivinen MIP<\/li>\n<li>N\u00e4yt\u00f6n lasi: Power Glass<\/li>\n<li>Kellonkeh\u00e4n materiaali: Kuituvahvisteinen polymeeri\/Alumiini<\/li>\n<li>Rungon materiaali: Kuituvahvisteinen polymeeri<\/li>\n<li>N\u00e4ytt\u00f6: 0.9\u201d x 0.9\u201d (23 x 23 mm) 176 x 176 pikseli\u00e4<\/li>\n<li>Ranneke: 22 mm leve\u00e4 silikoniranneke<\/li>\n<li>Rannekkeen pituus: 137 \u2013 204 mm<\/li>\n<li>Paino: 52 g<\/li>\n<li>Akun tyyppi: Ladattava litiumioni akku<\/li>\n<li>Akunkesto: jopa 28 pa\u0308iva\u0308a\u0308; aurinkolatauksella rajoittamaton. Vain GPS: jopa 40 tuntia; 130 tuntia aurinkolatauksella.<\/li>\n<li>Muisti: 128 Mt<\/li>\n<li>Vesitiiviys: 10 ATM<\/li>\n<li>Langattomat yhteydet: Bluetooth ja ANT +<\/li>\n<\/ul>\n<p>Pakkaus sis\u00e4lt\u00e4\u00e4 Garmin Instinct 3 45 mm Solar Tactical Edition Black 010-02934-50 -urheilukellon, latauskaapelin sek\u00e4 k\u00e4ytt\u00f6ohjeet.<\/p>\n","protected":false},"excerpt":{"rendered":"<p>Garmin Instinct 3 45 mm Solar Tactical Edition Black 010-02934-50 -urheilukello on suunniteltu kest\u00e4m\u00e4\u00e4n vaikeimmissakin olosuhteissa ja se on varusteltu nykyaikaisilla taktisilla toiminnoilla, jotka sopivat maastoon kuin maastoon. Ruuvikiinnitteinen ja metallivahvisteinen kehys, kuituvahvisteinen polymeerirunko sek\u00e4 kest\u00e4v\u00e4 Power Glass -lasi selvi\u00e4v\u00e4t kovimmistakin haasteista. Mukautettuja taktisia ominaisuuksia ovat esimerkiksi <strong>rucking-suoritus<\/strong> (k\u00e4vely painojen kanssa), <strong>salatila, suojattu poisto<\/strong> sek\u00e4 <strong>esiladattu Applied Ballistics\u00ae -laskin<\/strong> (Huom! Ballistics-laskin vaatii kertaostoksen AB Quantum -mobiilisovelluksen kautta). Pysy turvassa Tactical Editionin j\u00e4ljitysominaisuuksilla, kuten tapahtumantunnistuksella ja h\u00e4t\u00e4toiminnolla, joka soittaa tai l\u00e4hett\u00e4\u00e4 reaaliaikaisen sijaintisi viestill\u00e4 ilmoitetuille h\u00e4t\u00e4yhteyshenkil\u00f6ille, kun kello on pariliitetty \u00e4lypuhelimeen.<\/p>\n<p>T\u00e4ss\u00e4 kest\u00e4v\u00e4ss\u00e4 45 mm:n GPS-\u00e4lykellossa on 0,9&#8243; MIP n\u00e4ytt\u00f6, 128 Mt muistia ja akunkesto, joka on rajaton \u00e4lykellotilassa uudella ja parannetulla aurinkolatauksella. Upean ulkomuodon viimeistelee joustava 22 mm leve\u00e4 musta silikoniranneke, joka on yhteensopiva ranteille, joiden ymp\u00e4rysmitta on 137 \u2013 204 mm. Kellon kokonaispaino on vain 52 grammaa, tehden siit\u00e4 melko kevyen k\u00e4ytett\u00e4v\u00e4n jokaisessa tilanteessa. Garmin Instinct 3 Solar Tactical on lis\u00e4ksi testattu la\u0308mmo\u0308n- ja iskunkesta\u0308vyyden kannalta MIL-STD-810-standardien mukaisesti, ja sen vesitiiviysluokitus on 10 ATM, joka sovelluttaa kellon pintauintik\u00e4ytt\u00f6\u00f6n sek\u00e4 snorkkelisukellukseen.<\/p>\n<p>Garmin Instinct 3 Solar Tactical Edition -urheilukello pit\u00e4\u00e4 sinut reitill\u00e4 sis\u00e4isen kolmiakselisen kompassin ja barometrisen korkeusmittarin avulla. SatIQ\u2122-tekniikalla toimiva monikaista-GPS takaa erinomaisen paikannuksen ja optimoi akunkeston. Maastossa liikkuessa voit hy\u00f6dynt\u00e4\u00e4 kellon sis\u00e4ist\u00e4 LED-taskulamppua, jossa on v\u00e4lkynt\u00e4tila, ja jonka tehoa voi muuttaa. Urheilun lis\u00e4ksi Garmin Instinct 3:lla voit keskitty\u00e4 terveytesi seurantaan ja yll\u00e4pit\u00e4miseen; 24\/7 terveyden ja hyvinvoinnin seurantaominaisuuksilla voit seurata kehosi toimintaa esimerkiksi sykkeen seurannan, edistyneen unen tarkkailun ja pulssioksimetrin avulla. Instinct 3 -malleissa on myo\u0308s a\u0308lyka\u0308s Garmin Pay la\u0308himaksutoiminto kaupassak\u00e4ynnin ja arkiel\u00e4m\u00e4n helpottamiseksi.<\/p>\n","protected":false},"featured_media":15308,"comment_status":"open","ping_status":"closed","template":"","meta":{"ocean_post_layout":"","ocean_both_sidebars_style":"","ocean_both_sidebars_content_width":0,"ocean_both_sidebars_sidebars_width":0,"ocean_sidebar":"0","ocean_second_sidebar":"0","ocean_disable_margins":"enable","ocean_add_body_class":"","ocean_shortcode_before_top_bar":"","ocean_shortcode_after_top_bar":"","ocean_shortcode_before_header":"","ocean_shortcode_after_header":"","ocean_has_shortcode":"","ocean_shortcode_after_title":"","ocean_shortcode_before_footer_widgets":"","ocean_shortcode_after_footer_widgets":"","ocean_shortcode_before_footer_bottom":"","ocean_shortcode_after_footer_bottom":"","ocean_display_top_bar":"default","ocean_display_header":"default","ocean_header_style":"","ocean_center_header_left_menu":"0","ocean_custom_header_template":"0","ocean_custom_logo":0,"ocean_custom_retina_logo":0,"ocean_custom_logo_max_width":0,"ocean_custom_logo_tablet_max_width":0,"ocean_custom_logo_mobile_max_width":0,"ocean_custom_logo_max_height":0,"ocean_custom_logo_tablet_max_height":0,"ocean_custom_logo_mobile_max_height":0,"ocean_header_custom_menu":"0","ocean_menu_typo_font_family":"0","ocean_menu_typo_font_subset":"","ocean_menu_typo_font_size":0,"ocean_menu_typo_font_size_tablet":0,"ocean_menu_typo_font_size_mobile":0,"ocean_menu_typo_font_size_unit":"px","ocean_menu_typo_font_weight":"","ocean_menu_typo_font_weight_tablet":"","ocean_menu_typo_font_weight_mobile":"","ocean_menu_typo_transform":"","ocean_menu_typo_transform_tablet":"","ocean_menu_typo_transform_mobile":"","ocean_menu_typo_line_height":0,"ocean_menu_typo_line_height_tablet":0,"ocean_menu_typo_line_height_mobile":0,"ocean_menu_typo_line_height_unit":"","ocean_menu_typo_spacing":0,"ocean_menu_typo_spacing_tablet":0,"ocean_menu_typo_spacing_mobile":0,"ocean_menu_typo_spacing_unit":"","ocean_menu_link_color":"","ocean_menu_link_color_hover":"","ocean_menu_link_color_active":"","ocean_menu_link_background":"","ocean_menu_link_hover_background":"","ocean_menu_link_active_background":"","ocean_menu_social_links_bg":"","ocean_menu_social_hover_links_bg":"","ocean_menu_social_links_color":"","ocean_menu_social_hover_links_color":"","ocean_disable_title":"default","ocean_disable_heading":"default","ocean_post_title":"","ocean_post_subheading":"","ocean_post_title_style":"","ocean_post_title_background_color":"","ocean_post_title_background":0,"ocean_post_title_bg_image_position":"","ocean_post_title_bg_image_attachment":"","ocean_post_title_bg_image_repeat":"","ocean_post_title_bg_image_size":"","ocean_post_title_height":0,"ocean_post_title_bg_overlay":0.5,"ocean_post_title_bg_overlay_color":"","ocean_disable_breadcrumbs":"default","ocean_breadcrumbs_color":"","ocean_breadcrumbs_separator_color":"","ocean_breadcrumbs_links_color":"","ocean_breadcrumbs_links_hover_color":"","ocean_display_footer_widgets":"default","ocean_display_footer_bottom":"default","ocean_custom_footer_template":"0","jetpack_publicize_message":"","jetpack_publicize_feature_enabled":true,"jetpack_social_post_already_shared":true,"jetpack_social_options":{"image_generator_settings":{"template":"highway","default_image_id":0,"font":"","enabled":false},"version":2}},"pwb-brand":[2778],"product_brand":[],"product_cat":[3065,2942],"product_tag":[3068,2279,2779,3067,2217,2082],"class_list":{"0":"post-15307","1":"product","2":"type-product","3":"status-publish","4":"has-post-thumbnail","6":"pwb-brand-garmin","7":"product_cat-garmin","8":"product_cat-gps","9":"product_tag-010-02934-50","10":"product_tag-applied-ballistics","11":"product_tag-garmin","12":"product_tag-instinct-3","13":"product_tag-solar","14":"product_tag-tactical","16":"entry","17":"has-media","19":"first","20":"instock","21":"sale","22":"taxable","23":"shipping-taxable","24":"purchasable","25":"product-type-simple","26":"has-product-nav","27":"col","28":"span_1_of_4","29":"owp-content-center","30":"owp-thumbs-layout-horizontal","31":"owp-btn-normal","32":"owp-tabs-layout-horizontal"},"jetpack_publicize_connections":[],"jetpack_sharing_enabled":true,"brands":[{"id":2778,"name":"Garmin","slug":"garmin"}],"_links":{"self":[{"href":"https:\/\/mildot.fi\/index.php\/wp-json\/wp\/v2\/product\/15307","targetHints":{"allow":["GET"]}}],"collection":[{"href":"https:\/\/mildot.fi\/index.php\/wp-json\/wp\/v2\/product"}],"about":[{"href":"https:\/\/mildot.fi\/index.php\/wp-json\/wp\/v2\/types\/product"}],"replies":[{"embeddable":true,"href":"https:\/\/mildot.fi\/index.php\/wp-json\/wp\/v2\/comments?post=15307"}],"wp:featuredmedia":[{"embeddable":true,"href":"https:\/\/mildot.fi\/index.php\/wp-json\/wp\/v2\/media\/15308"}],"wp:attachment":[{"href":"https:\/\/mildot.fi\/index.php\/wp-json\/wp\/v2\/media?parent=15307"}],"wp:term":[{"taxonomy":"pwb-brand","embeddable":true,"href":"https:\/\/mildot.fi\/index.php\/wp-json\/wp\/v2\/pwb-brand?post=15307"},{"taxonomy":"product_brand","embeddable":true,"href":"https:\/\/mildot.fi\/index.php\/wp-json\/wp\/v2\/product_brand?post=15307"},{"taxonomy":"product_cat","embeddable":true,"href":"https:\/\/mildot.fi\/index.php\/wp-json\/wp\/v2\/product_cat?post=15307"},{"taxonomy":"product_tag","embeddable":true,"href":"https:\/\/mildot.fi\/index.php\/wp-json\/wp\/v2\/product_tag?post=15307"}],"curies":[{"name":"wp","href":"https:\/\/api.w.org\/{rel}","templated":true}]}}