{"id":15144,"date":"2025-04-29T08:18:45","date_gmt":"2025-04-29T06:18:45","guid":{"rendered":"https:\/\/mildot.fi\/?post_type=product&#038;p=15144"},"modified":"2025-08-28T08:36:15","modified_gmt":"2025-08-28T06:36:15","slug":"leica-magnus-24-16i","status":"publish","type":"product","link":"https:\/\/mildot.fi\/index.php\/product\/leica-magnus-24-16i\/","title":{"rendered":"Leica Magnus 2,4-16&#215;56 i"},"content":{"rendered":"<p>&nbsp;<\/p>\n<ul>\n<li>Suurennus: 2,4\u0096-16x<\/li>\n<li>Etulinssin halkaisija: 56 mm<\/li>\n<li>Zoom: 6,7x<\/li>\n<li>N\u00e4k\u00f6ala 100 metriss\u00e4: 17 m &#8211; 2,6 m<\/li>\n<li>Silm\u00e4n et\u00e4isyys: Yli 90 mm<\/li>\n<li>Ulostulopupilli: 12,4 \u0096 3,5 mm<\/li>\n<li>Parallaksi: S\u00e4\u00e4dett\u00e4viss\u00e4 50 metrist\u00e4 \u00e4\u00e4rett\u00f6m\u00e4\u00e4n<\/li>\n<li>Diopterikorjaus: \u00964\/+3 dpt<\/li>\n<li>Pinnoite: AquaDura\u00ae-pinnoite<\/li>\n<li>Valonl\u00e4p\u00e4isy: Noin 92 %<\/li>\n<li>Ristikko: Toisessa polttotasossa, L-4a-ristikko<\/li>\n<li>Ristikon s\u00e4\u00e4t\u00f6: 200 x 200 cm 100 metriss\u00e4, 1 klikkaus = 1 cm \/ 100 m (~1\/3 MOA)<\/li>\n<li>Ristikon valaistus: Pistevalaistus, 120 valotasoa<\/li>\n<li>Keskiputken halkaisija: 30 mm<\/li>\n<li>Vedenpit\u00e4vyys: 4 metriin asti, typell\u00e4 t\u00e4ytetty<\/li>\n<li>Automaattinen sammutus: 3 minuutin kuluttua, \u00b1 75\u00b0 kallistuskulma<\/li>\n<li>Automaattinen k\u00e4ynnistys: Kyll\u00e4, aktivoituu asennon ja\/tai liikkeen perusteella<\/li>\n<li>Paristo: 1 x CR2032What is in the box:<br \/>\nRiflescope<br \/>\nZF caps for eyepiece\/lens<br \/>\nbattery (CR 2032)<br \/>\ncleaning tissue<br \/>\n12 BDC Direct Dial Rings (EU1-EU12)<\/p>\n<p class=\"responsive-video-wrap clr\"><iframe title=\"How to \u2013 battery exchange Leica Magnus i\" src=\"https:\/\/player.vimeo.com\/video\/392408684?dnt=1&amp;app_id=122963\" width=\"1200\" height=\"675\" frameborder=\"0\" allow=\"autoplay; fullscreen; picture-in-picture; clipboard-write; encrypted-media; web-share\" referrerpolicy=\"strict-origin-when-cross-origin\"><\/iframe><\/p>\n<\/li>\n<\/ul>\n<p>&nbsp;<\/p>\n<p class=\"responsive-video-wrap clr\"><iframe title=\"How to \u2013 Handling the illuminated dot Leica Magnus i\" src=\"https:\/\/player.vimeo.com\/video\/392409018?dnt=1&amp;app_id=122963\" width=\"1200\" height=\"675\" frameborder=\"0\" allow=\"autoplay; fullscreen; picture-in-picture; clipboard-write; encrypted-media; web-share\" referrerpolicy=\"strict-origin-when-cross-origin\"><\/iframe><\/p>\n<p>&nbsp;<\/p>\n<p>&nbsp;<\/p>\n<p class=\"responsive-video-wrap clr\"><iframe title=\"How to \u2013 Spare Battery Holder Leica Magnus i\" src=\"https:\/\/player.vimeo.com\/video\/392410233?dnt=1&amp;app_id=122963\" width=\"1200\" height=\"675\" frameborder=\"0\" allow=\"autoplay; fullscreen; picture-in-picture; clipboard-write; encrypted-media; web-share\" referrerpolicy=\"strict-origin-when-cross-origin\"><\/iframe><\/p>\n<p>&nbsp;<\/p>\n<p>&nbsp;<\/p>\n<p>&nbsp;<\/p>\n<p class=\"responsive-video-wrap clr\"><iframe title=\"How to \u2013 Turret scale zeroing Leica Magnus i\" src=\"https:\/\/player.vimeo.com\/video\/392410653?dnt=1&amp;app_id=122963\" width=\"1200\" height=\"675\" frameborder=\"0\" allow=\"autoplay; fullscreen; picture-in-picture; clipboard-write; encrypted-media; web-share\" referrerpolicy=\"strict-origin-when-cross-origin\"><\/iframe><\/p>\n<p>&nbsp;<\/p>\n<p>&nbsp;<\/p>\n<p class=\"responsive-video-wrap clr\"><iframe title=\"How to \u2013 Zeroing the BDC\" src=\"https:\/\/player.vimeo.com\/video\/392411153?dnt=1&amp;app_id=122963\" width=\"1200\" height=\"675\" frameborder=\"0\" allow=\"autoplay; fullscreen; picture-in-picture; clipboard-write; encrypted-media; web-share\" referrerpolicy=\"strict-origin-when-cross-origin\"><\/iframe><\/p>\n<p>&nbsp;<\/p>\n<p>&nbsp;<\/p>\n<p>&nbsp;<\/p>\n","protected":false},"excerpt":{"rendered":"<p>In contrast to other riflescopes, the particularly low vignetting of the Magnus 2.4-16&#215;56 i ensures extra brightness at low magnification factors.<br \/>\nIts large-diameter front lens, a highly effective entrance pupil at mid-range magnification, and the highest, outstanding transmission value of around 92% ensure optimum identification up to the last minutes of shooting light.<br \/>\nWith a maximum magnification of 16x, it is also perfect for ensuring the accuracy of ambitious, long-range shots. In combination with the outstanding Leica shutter system, its high transmission properties guarantee more light under all conditions, particularly when using low magnification factors.<br \/>\nStray light and vignetting are considerably reduced and contrast improved. This, in combination with the high magnification ensures safe identification from shortest distances to precise long-range shooting.<\/p>\n<p><span style=\"color: red;\">Please ask for a quote combining this riflescope with <a href=\"https:\/\/mildot.fi\/index.php\/product-category\/spuhr\/34mm-runkoputki-spuhr\/\">Spuhr ISMS mounts<\/a><\/span> or a <a href=\"https:\/\/mildot.fi\/index.php\/product-category\/spuhr\/spuhr-hunting-series\/\">Spuhr hunting mount<\/a> . This is the perfect setup for the demanding shooter that wants the best.<\/p>\n<p>Do you wonder how high scope mount you will need? Try our <a href=\"https:\/\/mildot.fi\/index.php\/mildot-ring-height-calculator\/\">scope mount height calculator, <\/a>feel free to call or email us if you still have any questions.<\/p>\n","protected":false},"featured_media":15176,"comment_status":"open","ping_status":"closed","template":"","meta":{"ocean_post_layout":"","ocean_both_sidebars_style":"","ocean_both_sidebars_content_width":0,"ocean_both_sidebars_sidebars_width":0,"ocean_sidebar":"0","ocean_second_sidebar":"0","ocean_disable_margins":"enable","ocean_add_body_class":"","ocean_shortcode_before_top_bar":"","ocean_shortcode_after_top_bar":"","ocean_shortcode_before_header":"","ocean_shortcode_after_header":"","ocean_has_shortcode":"","ocean_shortcode_after_title":"","ocean_shortcode_before_footer_widgets":"","ocean_shortcode_after_footer_widgets":"","ocean_shortcode_before_footer_bottom":"","ocean_shortcode_after_footer_bottom":"","ocean_display_top_bar":"default","ocean_display_header":"default","ocean_header_style":"","ocean_center_header_left_menu":"0","ocean_custom_header_template":"0","ocean_custom_logo":0,"ocean_custom_retina_logo":0,"ocean_custom_logo_max_width":0,"ocean_custom_logo_tablet_max_width":0,"ocean_custom_logo_mobile_max_width":0,"ocean_custom_logo_max_height":0,"ocean_custom_logo_tablet_max_height":0,"ocean_custom_logo_mobile_max_height":0,"ocean_header_custom_menu":"0","ocean_menu_typo_font_family":"0","ocean_menu_typo_font_subset":"","ocean_menu_typo_font_size":0,"ocean_menu_typo_font_size_tablet":0,"ocean_menu_typo_font_size_mobile":0,"ocean_menu_typo_font_size_unit":"px","ocean_menu_typo_font_weight":"","ocean_menu_typo_font_weight_tablet":"","ocean_menu_typo_font_weight_mobile":"","ocean_menu_typo_transform":"","ocean_menu_typo_transform_tablet":"","ocean_menu_typo_transform_mobile":"","ocean_menu_typo_line_height":0,"ocean_menu_typo_line_height_tablet":0,"ocean_menu_typo_line_height_mobile":0,"ocean_menu_typo_line_height_unit":"","ocean_menu_typo_spacing":0,"ocean_menu_typo_spacing_tablet":0,"ocean_menu_typo_spacing_mobile":0,"ocean_menu_typo_spacing_unit":"","ocean_menu_link_color":"","ocean_menu_link_color_hover":"","ocean_menu_link_color_active":"","ocean_menu_link_background":"","ocean_menu_link_hover_background":"","ocean_menu_link_active_background":"","ocean_menu_social_links_bg":"","ocean_menu_social_hover_links_bg":"","ocean_menu_social_links_color":"","ocean_menu_social_hover_links_color":"","ocean_disable_title":"default","ocean_disable_heading":"default","ocean_post_title":"","ocean_post_subheading":"","ocean_post_title_style":"","ocean_post_title_background_color":"","ocean_post_title_background":0,"ocean_post_title_bg_image_position":"","ocean_post_title_bg_image_attachment":"","ocean_post_title_bg_image_repeat":"","ocean_post_title_bg_image_size":"","ocean_post_title_height":0,"ocean_post_title_bg_overlay":0.5,"ocean_post_title_bg_overlay_color":"","ocean_disable_breadcrumbs":"default","ocean_breadcrumbs_color":"","ocean_breadcrumbs_separator_color":"","ocean_breadcrumbs_links_color":"","ocean_breadcrumbs_links_hover_color":"","ocean_display_footer_widgets":"default","ocean_display_footer_bottom":"default","ocean_custom_footer_template":"0","jetpack_publicize_message":"","jetpack_publicize_feature_enabled":true,"jetpack_social_post_already_shared":true,"jetpack_social_options":{"image_generator_settings":{"template":"highway","default_image_id":0,"font":"","enabled":false},"version":2}},"pwb-brand":[2211],"product_brand":[],"product_cat":[2234,18,2210,17],"product_tag":[3031,3033,322,3032,2212,3019,323],"class_list":{"0":"post-15144","1":"product","2":"type-product","3":"status-publish","4":"has-post-thumbnail","6":"pwb-brand-leica","7":"product_cat-ale-tuotteet","8":"product_cat-kiikaritahtaimet","9":"product_cat-leica","10":"product_cat-optiikka","11":"product_tag-2-4-16x56","12":"product_tag-bdc","13":"product_tag-kisko","14":"product_tag-l-4a","15":"product_tag-leica","16":"product_tag-magnus","17":"product_tag-rail","19":"entry","20":"has-media","22":"first","23":"instock","24":"sale","25":"taxable","26":"shipping-taxable","27":"purchasable","28":"product-type-variable","29":"has-product-nav","30":"col","31":"span_1_of_4","32":"owp-content-center","33":"owp-thumbs-layout-horizontal","34":"owp-btn-normal","35":"owp-tabs-layout-horizontal"},"jetpack_publicize_connections":[],"jetpack_sharing_enabled":true,"brands":[{"id":2211,"name":"Leica","slug":"leica"}],"_links":{"self":[{"href":"https:\/\/mildot.fi\/index.php\/wp-json\/wp\/v2\/product\/15144","targetHints":{"allow":["GET"]}}],"collection":[{"href":"https:\/\/mildot.fi\/index.php\/wp-json\/wp\/v2\/product"}],"about":[{"href":"https:\/\/mildot.fi\/index.php\/wp-json\/wp\/v2\/types\/product"}],"replies":[{"embeddable":true,"href":"https:\/\/mildot.fi\/index.php\/wp-json\/wp\/v2\/comments?post=15144"}],"wp:featuredmedia":[{"embeddable":true,"href":"https:\/\/mildot.fi\/index.php\/wp-json\/wp\/v2\/media\/15176"}],"wp:attachment":[{"href":"https:\/\/mildot.fi\/index.php\/wp-json\/wp\/v2\/media?parent=15144"}],"wp:term":[{"taxonomy":"pwb-brand","embeddable":true,"href":"https:\/\/mildot.fi\/index.php\/wp-json\/wp\/v2\/pwb-brand?post=15144"},{"taxonomy":"product_brand","embeddable":true,"href":"https:\/\/mildot.fi\/index.php\/wp-json\/wp\/v2\/product_brand?post=15144"},{"taxonomy":"product_cat","embeddable":true,"href":"https:\/\/mildot.fi\/index.php\/wp-json\/wp\/v2\/product_cat?post=15144"},{"taxonomy":"product_tag","embeddable":true,"href":"https:\/\/mildot.fi\/index.php\/wp-json\/wp\/v2\/product_tag?post=15144"}],"curies":[{"name":"wp","href":"https:\/\/api.w.org\/{rel}","templated":true}]}}