{"id":13256,"date":"2024-03-27T09:01:59","date_gmt":"2024-03-27T07:01:59","guid":{"rendered":"https:\/\/mildot.fi\/?post_type=product&#038;p=13256"},"modified":"2025-05-08T08:04:39","modified_gmt":"2025-05-08T06:04:39","slug":"kyl-1-2-mildot","status":"publish","type":"product","link":"https:\/\/mildot.fi\/index.php\/product\/kyl-1-2-mildot\/","title":{"rendered":"KYL &#8211; Know Your Limit 1&#038;2  metallimaalitaulu &#8211; MILDOT"},"content":{"rendered":"<p>Metallimaalitaulut ovat valmistettu 12mm paksusta Hardox 500 ter\u00e4slevyst\u00e4 ja tarkasti (noin +\/-0,1mm) laserleikkattu oikean kokoiseksi.<\/p>\n<p>Tarkoitus on asettaa maalitaulut per\u00e4kk\u00e4in, mutta hiukan eroteltuna toisistaan ett\u00e4 se p\u00e4\u00e4see v\u00e4r\u00e4htelem\u00e4\u00e4n erikseen.<br \/>\nJos maalat n\u00e4iden maalitaulujen pinnan (esim. sprayv\u00e4rill\u00e4) niin n\u00e4et osumat selke\u00e4sti, katso esimerkkikuva.<\/p>\n<p>Kest\u00e4\u00e4 kaikki v\u00e4lill\u00e4 22LR -338LM@300m joustavalla kiinnityksell\u00e4(paitsi AP \/panssaril\u00e4p\u00e4isevi\u00e4 luoteja). Jos k\u00e4y\u00e4t\u00e4t maalitauluja erikseen niin pid\u00e4 mieless\u00e4 ett\u00e4 KYL 2 maalitaulun &#8220;haarukat&#8221; ei kest\u00e4 suoraa osumaa.<\/p>\n<p>Pulttien rei\u00e4t ovat nyky\u00e4\u00e4n 13mm leveydelt\u00e4\u00e4n ja sopii mainiosti esimerkiksi M12 lukkokantapulteille jos haluaa k\u00e4ytt\u00e4\u00e4 kiinitinkumia kun ripustaa maalit radalla. Toinen ratkaisu on hy\u00f6dynt\u00e4\u00e4 reikien hiukan soikea muotoa, niist\u00e4 on helppo pujottaa maalitaulu metallikoukkuihin joka voi olla harjater\u00e4ksest\u00e4 valmistetut.<\/p>\n<p>Osumarei\u00e4t: 10\/8\/6\/4\/3\/2\/1cm<br \/>\nMitat:82x25cm<br \/>\nOvaalit kiinitysrei\u00e4t:13mm leveys<\/p>\n<p>Paino:17+17kg<\/p>\n<p><strong>Huomio<\/strong>: Painon takia maaltaulupaketti (KYL 1 +KYL 2) toimitetaan ovelle asti Matkahuololla sovituun aikaan (1 yritys), silloin rahdin hinta on 29\u20ac.<br \/>\nVoit my\u00f6s noutaa tilauksesi ja s\u00e4\u00e4st\u00e4\u00e4 rahtikulut.<\/p>\n<p>MILDOT metallimaalitaulut ovat Suomessa valmistettu laatutuote ruotsalaisesta SSAB ter\u00e4ksest\u00e4, tai kotimaista Rautaruukin vastaavaa laatuter\u00e4st\u00e4.<\/p>\n","protected":false},"excerpt":{"rendered":"<p>KYL &#8211; Know Your Limit maalitaulu<\/p>\n<p>Mildot metallimaalitaulu on valmistettu Hardox 500 ter\u00e4slevyst\u00e4 ja laserleikkattu tarkkoihin mittoihin.<br \/>\nMaalitaulujen pinta on maalaamaton, ne ovat helposti itse maalattavissa ja n\u00e4in osumat ovat helppo tunnistaa pidemm\u00e4lt\u00e4kin matkalta.<\/p>\n","protected":false},"featured_media":13257,"comment_status":"open","ping_status":"closed","template":"","meta":{"ocean_post_layout":"","ocean_both_sidebars_style":"","ocean_both_sidebars_content_width":0,"ocean_both_sidebars_sidebars_width":0,"ocean_sidebar":"0","ocean_second_sidebar":"0","ocean_disable_margins":"enable","ocean_add_body_class":"","ocean_shortcode_before_top_bar":"","ocean_shortcode_after_top_bar":"","ocean_shortcode_before_header":"","ocean_shortcode_after_header":"","ocean_has_shortcode":"","ocean_shortcode_after_title":"","ocean_shortcode_before_footer_widgets":"","ocean_shortcode_after_footer_widgets":"","ocean_shortcode_before_footer_bottom":"","ocean_shortcode_after_footer_bottom":"","ocean_display_top_bar":"default","ocean_display_header":"default","ocean_header_style":"","ocean_center_header_left_menu":"0","ocean_custom_header_template":"0","ocean_custom_logo":0,"ocean_custom_retina_logo":0,"ocean_custom_logo_max_width":0,"ocean_custom_logo_tablet_max_width":0,"ocean_custom_logo_mobile_max_width":0,"ocean_custom_logo_max_height":0,"ocean_custom_logo_tablet_max_height":0,"ocean_custom_logo_mobile_max_height":0,"ocean_header_custom_menu":"0","ocean_menu_typo_font_family":"0","ocean_menu_typo_font_subset":"","ocean_menu_typo_font_size":0,"ocean_menu_typo_font_size_tablet":0,"ocean_menu_typo_font_size_mobile":0,"ocean_menu_typo_font_size_unit":"px","ocean_menu_typo_font_weight":"","ocean_menu_typo_font_weight_tablet":"","ocean_menu_typo_font_weight_mobile":"","ocean_menu_typo_transform":"","ocean_menu_typo_transform_tablet":"","ocean_menu_typo_transform_mobile":"","ocean_menu_typo_line_height":0,"ocean_menu_typo_line_height_tablet":0,"ocean_menu_typo_line_height_mobile":0,"ocean_menu_typo_line_height_unit":"","ocean_menu_typo_spacing":0,"ocean_menu_typo_spacing_tablet":0,"ocean_menu_typo_spacing_mobile":0,"ocean_menu_typo_spacing_unit":"","ocean_menu_link_color":"","ocean_menu_link_color_hover":"","ocean_menu_link_color_active":"","ocean_menu_link_background":"","ocean_menu_link_hover_background":"","ocean_menu_link_active_background":"","ocean_menu_social_links_bg":"","ocean_menu_social_hover_links_bg":"","ocean_menu_social_links_color":"","ocean_menu_social_hover_links_color":"","ocean_disable_title":"default","ocean_disable_heading":"default","ocean_post_title":"","ocean_post_subheading":"","ocean_post_title_style":"","ocean_post_title_background_color":"","ocean_post_title_background":0,"ocean_post_title_bg_image_position":"","ocean_post_title_bg_image_attachment":"","ocean_post_title_bg_image_repeat":"","ocean_post_title_bg_image_size":"","ocean_post_title_height":0,"ocean_post_title_bg_overlay":0.5,"ocean_post_title_bg_overlay_color":"","ocean_disable_breadcrumbs":"default","ocean_breadcrumbs_color":"","ocean_breadcrumbs_separator_color":"","ocean_breadcrumbs_links_color":"","ocean_breadcrumbs_links_hover_color":"","ocean_display_footer_widgets":"default","ocean_display_footer_bottom":"default","ocean_custom_footer_template":"0","jetpack_publicize_message":"","jetpack_publicize_feature_enabled":true,"jetpack_social_post_already_shared":true,"jetpack_social_options":{"image_generator_settings":{"template":"highway","default_image_id":0,"font":"","enabled":false},"version":2}},"pwb-brand":[570],"product_brand":[],"product_cat":[90,2129,162],"product_tag":[2838,2837,96,2314],"class_list":{"0":"post-13256","1":"product","2":"type-product","3":"status-publish","4":"has-post-thumbnail","6":"pwb-brand-mildot","7":"product_cat-maalilaitteet","8":"product_cat-maalitaulut-12mm","9":"product_cat-mildot","10":"product_tag-know-your-limit","11":"product_tag-kyl","12":"product_tag-metallimaalitaulu","13":"product_tag-mildot-finland","15":"entry","16":"has-media","18":"first","19":"instock","20":"sale","21":"taxable","22":"shipping-taxable","23":"purchasable","24":"product-type-variable","25":"has-product-nav","26":"col","27":"span_1_of_4","28":"owp-content-center","29":"owp-thumbs-layout-horizontal","30":"owp-btn-normal","31":"owp-tabs-layout-horizontal"},"jetpack_publicize_connections":[],"jetpack_sharing_enabled":true,"brands":[{"id":570,"name":"Mildot","slug":"mildot"}],"_links":{"self":[{"href":"https:\/\/mildot.fi\/index.php\/wp-json\/wp\/v2\/product\/13256","targetHints":{"allow":["GET"]}}],"collection":[{"href":"https:\/\/mildot.fi\/index.php\/wp-json\/wp\/v2\/product"}],"about":[{"href":"https:\/\/mildot.fi\/index.php\/wp-json\/wp\/v2\/types\/product"}],"replies":[{"embeddable":true,"href":"https:\/\/mildot.fi\/index.php\/wp-json\/wp\/v2\/comments?post=13256"}],"wp:featuredmedia":[{"embeddable":true,"href":"https:\/\/mildot.fi\/index.php\/wp-json\/wp\/v2\/media\/13257"}],"wp:attachment":[{"href":"https:\/\/mildot.fi\/index.php\/wp-json\/wp\/v2\/media?parent=13256"}],"wp:term":[{"taxonomy":"pwb-brand","embeddable":true,"href":"https:\/\/mildot.fi\/index.php\/wp-json\/wp\/v2\/pwb-brand?post=13256"},{"taxonomy":"product_brand","embeddable":true,"href":"https:\/\/mildot.fi\/index.php\/wp-json\/wp\/v2\/product_brand?post=13256"},{"taxonomy":"product_cat","embeddable":true,"href":"https:\/\/mildot.fi\/index.php\/wp-json\/wp\/v2\/product_cat?post=13256"},{"taxonomy":"product_tag","embeddable":true,"href":"https:\/\/mildot.fi\/index.php\/wp-json\/wp\/v2\/product_tag?post=13256"}],"curies":[{"name":"wp","href":"https:\/\/api.w.org\/{rel}","templated":true}]}}