{"id":12715,"date":"2023-12-10T10:51:55","date_gmt":"2023-12-10T08:51:55","guid":{"rendered":"https:\/\/mildot.fi\/?post_type=product&#038;p=12715"},"modified":"2025-08-26T07:47:16","modified_gmt":"2025-08-26T05:47:16","slug":"vortex-strike-eagle-3-18x44ffp-ebr-7c","status":"publish","type":"product","link":"https:\/\/mildot.fi\/index.php\/product\/vortex-strike-eagle-3-18x44ffp-ebr-7c\/","title":{"rendered":"Vortex Strike Eagle 3-18x44FFP  EBR-7C"},"content":{"rendered":"<table id=\"product-vortex-specs-table\" class=\"data table spec-attributes\">\n<tbody>\n<tr>\n<th class=\"col label Magnification\" scope=\"row\">Magnification<\/th>\n<td class=\"col data\" data-th=\"Magnification\">3-18x<\/td>\n<\/tr>\n<tr>\n<th class=\"col label Objective Lens Diameter\" scope=\"row\">Objective Lens Diameter<\/th>\n<td class=\"col data\" data-th=\"Objective Lens Diameter\">44 mm<\/td>\n<\/tr>\n<tr>\n<th class=\"col label Reticle\" scope=\"row\">Reticle<\/th>\n<td class=\"col data\" data-th=\"Reticle\">EBR-7C (MRAD)<\/td>\n<\/tr>\n<tr>\n<th class=\"col label Eye Relief\" scope=\"row\">Eye Relief<\/th>\n<td class=\"col data\" data-th=\"Eye Relief\">3.8&#8243;<\/td>\n<\/tr>\n<tr>\n<th class=\"col label Turret Style\" scope=\"row\">Turret Style<\/th>\n<td class=\"col data\" data-th=\"Turret Style\">Exposed Elevation Capped Windage<\/td>\n<\/tr>\n<tr>\n<th class=\"col label Tube Size\" scope=\"row\">Tube Size<\/th>\n<td class=\"col data\" data-th=\"Tube Size\">34 mm<\/td>\n<\/tr>\n<tr>\n<th class=\"col label Adjustment Graduation\" scope=\"row\">Adjustment Graduation<\/th>\n<td class=\"col data\" data-th=\"Adjustment Graduation\">.1 MRAD<\/td>\n<\/tr>\n<tr>\n<th class=\"col label Parallax Setting\" scope=\"row\">Parallax Setting<\/th>\n<td class=\"col data\" data-th=\"Parallax Setting\">10 yds<\/td>\n<\/tr>\n<tr>\n<th class=\"col label Max Windage Adjustment\" scope=\"row\">Max Windage Adjustment<\/th>\n<td class=\"col data\" data-th=\"Max Windage Adjustment\">18 MRAD<\/td>\n<\/tr>\n<tr>\n<th class=\"col label Max Elevation Adjustment\" scope=\"row\">Max Elevation Adjustment<\/th>\n<td class=\"col data\" data-th=\"Max Elevation Adjustment\">45 MRAD<\/td>\n<\/tr>\n<tr>\n<th class=\"col label Travel Per Rotation\" scope=\"row\">Travel Per Rotation<\/th>\n<td class=\"col data\" data-th=\"Travel Per Rotation\">10 MRAD<\/td>\n<\/tr>\n<tr>\n<th class=\"col label Length\" scope=\"row\">Length<\/th>\n<td class=\"col data\" data-th=\"Length\">13.3&#8243;<\/td>\n<\/tr>\n<tr>\n<th class=\"col label Weight\" scope=\"row\">Weight<\/th>\n<td class=\"col data\" data-th=\"Weight\">27.3 oz<\/td>\n<\/tr>\n<tr>\n<th class=\"col label Field of View\" scope=\"row\">Field of View<\/th>\n<td class=\"col data\" data-th=\"Field of View\">39.3&#8242; &#8211; 6.7&#8242;<\/td>\n<\/tr>\n<\/tbody>\n<\/table>\n<p>Product code: SE-31802<\/p>\n<table>\n<tbody>\n<tr>\n<th>Optical Features<\/th>\n<\/tr>\n<tr>\n<th class=\"col label\" scope=\"row\">First Focal Plane Reticle<\/th>\n<td class=\"col data\">Scale of reticle remains in proportion to the zoomed image. Constant subtensions allow accurate holdover and ranging at all magnifications.<\/td>\n<\/tr>\n<tr>\n<th class=\"col label\" scope=\"row\">XD Optical System<\/th>\n<td class=\"col data\">Extra-low dispersion (XD) glass increases resolution and color fidelity, resulting in<\/td>\n<\/tr>\n<tr>\n<th class=\"col label\" scope=\"row\">Illuminated Reticle<\/th>\n<td class=\"col data\">Provides precise aiming under low-light conditions.<\/td>\n<\/tr>\n<tr>\n<th class=\"col label\" scope=\"row\">RevStop\u2122 Zero System<\/th>\n<td class=\"col data\">Patented streamlined design offers a toolless zero stop for rock-solid return to zero after turret adjustments.<\/td>\n<\/tr>\n<tr>\n<th class=\"col label\" scope=\"row\">Glass-Etched Reticle<\/th>\n<td class=\"col data\">Allows for intricate reticle design. Protected between two layers of glass for optimum durability and reliability.<\/td>\n<\/tr>\n<tr>\n<th class=\"col label\" scope=\"row\">Fully Multi-Coated Lenses<\/th>\n<td class=\"col data\">Anti-reflective coatings on all air-toglass surfaces provide increased light transmission for greather clarity and low-light performance.<\/td>\n<\/tr>\n<\/tbody>\n<\/table>\n<table>\n<tbody>\n<tr>\n<th>Construction Features<\/th>\n<\/tr>\n<tr>\n<th class=\"col label\" scope=\"row\">ArmorTek\u00ae<\/th>\n<td class=\"col data\">Ultra-hard, scratch-resistant coating protects exterior lenses from scratches, oil and dirt.<\/td>\n<\/tr>\n<tr>\n<th class=\"col label\" scope=\"row\">Single-Piece Tube<\/th>\n<td class=\"col data\">Maximizes alignment for improved accuracy and optimum visual performance, as well as ensures strength and waterproofness.<\/td>\n<\/tr>\n<tr>\n<th class=\"col label\" scope=\"row\">Aircraft-Grade Aluminum<\/th>\n<td class=\"col data\">Constructed from a solid block of aircraft-grade aluminum for strength and rigidity.<\/td>\n<\/tr>\n<tr>\n<th class=\"col label\" scope=\"row\">Low Glare Matte Black Annodize<\/th>\n<td class=\"col data\">Corrosion and wear resistant anodization provides low-glare matte surface and helps camouflage the shooter&#8217;s position.<\/td>\n<\/tr>\n<tr>\n<th class=\"col label\" scope=\"row\">Nitrogen Gas Purged<\/th>\n<td class=\"col data\">Gas purged and O-ring sealed for fogproof and waterproof performance in all conditions.<\/td>\n<\/tr>\n<tr>\n<th class=\"col label\" scope=\"row\">Waterproof<\/th>\n<td class=\"col data\">Designed to withstand harsh weather conditions<\/td>\n<\/tr>\n<tr>\n<th class=\"col label\" scope=\"row\">Fogproof<\/th>\n<td class=\"col data\">Nitrogen gas purging prevents internal fogging over a wide range of temperatures<\/td>\n<\/tr>\n<tr>\n<th class=\"col label\" scope=\"row\">Shockproof<\/th>\n<td class=\"col data\">Designed to withstand the highest levels of recoil and impact.<\/td>\n<\/tr>\n<\/tbody>\n<\/table>\n<table>\n<tbody>\n<tr>\n<th>Convenience Features<\/th>\n<\/tr>\n<tr>\n<th class=\"col label\" scope=\"row\">Fast Focus Eyepiece<\/th>\n<td class=\"col data\">Allows quick and easy reticle focusing<\/td>\n<\/tr>\n<tr>\n<th class=\"col label\" scope=\"row\">Throw Lever<\/th>\n<td class=\"col data\">The included throw lever can be installed for quick and easy magnification adjustments<\/td>\n<\/tr>\n<\/tbody>\n<\/table>\n<h6><\/h6>\n<p>&nbsp;<\/p>\n<h6>Included in the Box<\/h6>\n<ul>\n<li>Sunshade<\/li>\n<li>Throw Lever<\/li>\n<li>Lens Covers<\/li>\n<li>Lens Cloth<\/li>\n<li>CR2032 Battery<\/li>\n<li>2mm Hex Wrench<\/li>\n<\/ul>\n<p>&nbsp;<\/p>\n<p>K\u00e4ytt\u00f6ohje: <a href=\"https:\/\/mildot.fi\/wp-content\/uploads\/2023\/02\/vortex_strike-_eagle_3-18x_manual_mildot_finland.pdf\">vortex_strike _eagle_3-18x_manual_mildot_finland<\/a><\/p>\n<p>&nbsp;<\/p>\n<h6><\/h6>\n<h6><strong>BR-7C (MRAD)<\/strong><\/h6>\n<p>Designed to maximize long-distance shooting and ranging abilities, the EBR-7C reticle can be used to effectively determine ranges, holdovers,windage corrections, and moving target leads.Ultra-precision laser etching on the glass reticle ensures that specifications are kept to the tightest tolerances possible. The fine center crosshair subtensions on the EBR-7C reticle were carefully chosen to provide the optimum balance between precision aiming and low light visibility. Includes windage reference dots on drop lines<\/p>\n<h6><img data-recalc-dims=\"1\" fetchpriority=\"high\" decoding=\"async\" class=\"size-large wp-image-11362 aligncenter\" src=\"https:\/\/i0.wp.com\/mildot.fi\/wp-content\/uploads\/2023\/02\/strike_eagle_3-18x44_ffp_mildot_finland_reticle.jpg?resize=868%2C1024&#038;ssl=1\" alt=\"\" width=\"868\" height=\"1024\" srcset=\"https:\/\/i0.wp.com\/mildot.fi\/wp-content\/uploads\/2023\/02\/strike_eagle_3-18x44_ffp_mildot_finland_reticle.jpg?resize=868%2C1024&amp;ssl=1 868w, https:\/\/i0.wp.com\/mildot.fi\/wp-content\/uploads\/2023\/02\/strike_eagle_3-18x44_ffp_mildot_finland_reticle.jpg?resize=254%2C300&amp;ssl=1 254w, https:\/\/i0.wp.com\/mildot.fi\/wp-content\/uploads\/2023\/02\/strike_eagle_3-18x44_ffp_mildot_finland_reticle.jpg?resize=768%2C906&amp;ssl=1 768w, https:\/\/i0.wp.com\/mildot.fi\/wp-content\/uploads\/2023\/02\/strike_eagle_3-18x44_ffp_mildot_finland_reticle.jpg?resize=1302%2C1536&amp;ssl=1 1302w, https:\/\/i0.wp.com\/mildot.fi\/wp-content\/uploads\/2023\/02\/strike_eagle_3-18x44_ffp_mildot_finland_reticle.jpg?resize=700%2C826&amp;ssl=1 700w, https:\/\/i0.wp.com\/mildot.fi\/wp-content\/uploads\/2023\/02\/strike_eagle_3-18x44_ffp_mildot_finland_reticle.jpg?w=1610&amp;ssl=1 1610w\" sizes=\"(max-width: 868px) 100vw, 868px\" \/><\/h6>\n<p>&nbsp;<\/p>\n<p>&nbsp;<\/p>\n<p class=\"responsive-video-wrap clr\"><iframe title=\"Vortex\u00ae Strike Eagle\u00ae 3-18x44 FFP \u2013 Product Overview\" width=\"1200\" height=\"675\" src=\"https:\/\/www.youtube.com\/embed\/-OdktdHxPOE?feature=oembed\" frameborder=\"0\" allow=\"accelerometer; autoplay; clipboard-write; encrypted-media; gyroscope; picture-in-picture; web-share\" referrerpolicy=\"strict-origin-when-cross-origin\" allowfullscreen><\/iframe><\/p>\n<p>&nbsp;<\/p>\n<p class=\"responsive-video-wrap clr\"><iframe title=\"Vortex\u00ae Strike Eagle\u00ae 1-8x24 FFP vs Strike Eagle\u00ae 3-18x44 FFP vs Strike Eagle\u00ae 5-25x56 FFP\" width=\"1200\" height=\"675\" src=\"https:\/\/www.youtube.com\/embed\/IquLTkOu5qk?feature=oembed\" frameborder=\"0\" allow=\"accelerometer; autoplay; clipboard-write; encrypted-media; gyroscope; picture-in-picture; web-share\" referrerpolicy=\"strict-origin-when-cross-origin\" allowfullscreen><\/iframe><\/p>\n<p>&nbsp;<\/p>\n","protected":false},"excerpt":{"rendered":"<p>The gap between tactical mid- and long-range shooting is gone. Top off your carbine or DMR rifle with a first focal plane optic that\u2019s versatile, tough, ultra-clear at any magnification, and specifically designed for rapid adjustment in fast-changing target scenarios.<\/p>\n<p>&nbsp;<\/p>\n<p><span style=\"color: red;\"><strong>ILMAINEN RAHTI T\u00c4LLE TUOTTEELLE, K\u00c4YT\u00c4 ALENNUSKOODIA: RAHTI-STRIKE-EAGLE<span class=\"ILfuVd\" lang=\"en\"><span class=\"hgKElc\"><b><br \/>\n<\/b><\/span><\/span><\/strong><\/span><\/p>\n<p>Tarvitseko samalla kunnon jalustan? Meilt\u00e4 saat Spuhr (Paras ) ja Vortex ( erinomainen hinta- \/laatusuhde) jalustat.<\/p>\n<p><span style=\"color: red;\">Please ask for a quote combining this riflescope with <a href=\"https:\/\/mildot.fi\/index.php\/product-category\/spuhr\/34mm-runkoputki-spuhr\/\">Spuhr ISMS mounts<\/a><\/span>. This is the perfect setup for the demanding shooter that wants the best.<\/p>\n<p>Do you wonder how high scope mount you will need? Try our <a href=\"https:\/\/mildot.fi\/index.php\/mildot-ring-height-calculator\/\">scope mount height calculator, <\/a>feel free to call or email us if you still have any question<\/p>\n","protected":false},"featured_media":15224,"comment_status":"open","ping_status":"closed","template":"","meta":{"ocean_post_layout":"","ocean_both_sidebars_style":"","ocean_both_sidebars_content_width":0,"ocean_both_sidebars_sidebars_width":0,"ocean_sidebar":"0","ocean_second_sidebar":"0","ocean_disable_margins":"enable","ocean_add_body_class":"","ocean_shortcode_before_top_bar":"","ocean_shortcode_after_top_bar":"","ocean_shortcode_before_header":"","ocean_shortcode_after_header":"","ocean_has_shortcode":"","ocean_shortcode_after_title":"","ocean_shortcode_before_footer_widgets":"","ocean_shortcode_after_footer_widgets":"","ocean_shortcode_before_footer_bottom":"","ocean_shortcode_after_footer_bottom":"","ocean_display_top_bar":"default","ocean_display_header":"default","ocean_header_style":"","ocean_center_header_left_menu":"0","ocean_custom_header_template":"0","ocean_custom_logo":0,"ocean_custom_retina_logo":0,"ocean_custom_logo_max_width":0,"ocean_custom_logo_tablet_max_width":0,"ocean_custom_logo_mobile_max_width":0,"ocean_custom_logo_max_height":0,"ocean_custom_logo_tablet_max_height":0,"ocean_custom_logo_mobile_max_height":0,"ocean_header_custom_menu":"0","ocean_menu_typo_font_family":"0","ocean_menu_typo_font_subset":"","ocean_menu_typo_font_size":0,"ocean_menu_typo_font_size_tablet":0,"ocean_menu_typo_font_size_mobile":0,"ocean_menu_typo_font_size_unit":"px","ocean_menu_typo_font_weight":"","ocean_menu_typo_font_weight_tablet":"","ocean_menu_typo_font_weight_mobile":"","ocean_menu_typo_transform":"","ocean_menu_typo_transform_tablet":"","ocean_menu_typo_transform_mobile":"","ocean_menu_typo_line_height":0,"ocean_menu_typo_line_height_tablet":0,"ocean_menu_typo_line_height_mobile":0,"ocean_menu_typo_line_height_unit":"","ocean_menu_typo_spacing":0,"ocean_menu_typo_spacing_tablet":0,"ocean_menu_typo_spacing_mobile":0,"ocean_menu_typo_spacing_unit":"","ocean_menu_link_color":"","ocean_menu_link_color_hover":"","ocean_menu_link_color_active":"","ocean_menu_link_background":"","ocean_menu_link_hover_background":"","ocean_menu_link_active_background":"","ocean_menu_social_links_bg":"","ocean_menu_social_hover_links_bg":"","ocean_menu_social_links_color":"","ocean_menu_social_hover_links_color":"","ocean_disable_title":"default","ocean_disable_heading":"default","ocean_post_title":"","ocean_post_subheading":"","ocean_post_title_style":"","ocean_post_title_background_color":"","ocean_post_title_background":0,"ocean_post_title_bg_image_position":"","ocean_post_title_bg_image_attachment":"","ocean_post_title_bg_image_repeat":"","ocean_post_title_bg_image_size":"","ocean_post_title_height":0,"ocean_post_title_bg_overlay":0.5,"ocean_post_title_bg_overlay_color":"","ocean_disable_breadcrumbs":"default","ocean_breadcrumbs_color":"","ocean_breadcrumbs_separator_color":"","ocean_breadcrumbs_links_color":"","ocean_breadcrumbs_links_hover_color":"","ocean_display_footer_widgets":"default","ocean_display_footer_bottom":"default","ocean_custom_footer_template":"0","jetpack_publicize_message":"","jetpack_publicize_feature_enabled":true,"jetpack_social_post_already_shared":true,"jetpack_social_options":{"image_generator_settings":{"template":"highway","default_image_id":0,"font":"","enabled":false},"version":2}},"pwb-brand":[543],"product_brand":[],"product_cat":[18,17,126],"product_tag":[2563,2060,314,149,2575,830,20,2574],"class_list":{"0":"post-12715","1":"product","2":"type-product","3":"status-publish","4":"has-post-thumbnail","6":"pwb-brand-vortex","7":"product_cat-kiikaritahtaimet","8":"product_cat-optiikka","9":"product_cat-vortex-optics","10":"product_tag-3-18x","11":"product_tag-ebr-7c","12":"product_tag-ffp","13":"product_tag-kiikaritahtain","14":"product_tag-se-31802","15":"product_tag-strike-eagle","16":"product_tag-vortex","17":"product_tag-vortex-optics","19":"entry","20":"has-media","22":"first","23":"instock","24":"taxable","25":"shipping-taxable","26":"purchasable","27":"product-type-simple","28":"has-product-nav","29":"col","30":"span_1_of_4","31":"owp-content-center","32":"owp-thumbs-layout-horizontal","33":"owp-btn-normal","34":"owp-tabs-layout-horizontal"},"jetpack_publicize_connections":[],"jetpack_sharing_enabled":true,"brands":[{"id":543,"name":"Vortex","slug":"vortex"}],"_links":{"self":[{"href":"https:\/\/mildot.fi\/index.php\/wp-json\/wp\/v2\/product\/12715","targetHints":{"allow":["GET"]}}],"collection":[{"href":"https:\/\/mildot.fi\/index.php\/wp-json\/wp\/v2\/product"}],"about":[{"href":"https:\/\/mildot.fi\/index.php\/wp-json\/wp\/v2\/types\/product"}],"replies":[{"embeddable":true,"href":"https:\/\/mildot.fi\/index.php\/wp-json\/wp\/v2\/comments?post=12715"}],"wp:featuredmedia":[{"embeddable":true,"href":"https:\/\/mildot.fi\/index.php\/wp-json\/wp\/v2\/media\/15224"}],"wp:attachment":[{"href":"https:\/\/mildot.fi\/index.php\/wp-json\/wp\/v2\/media?parent=12715"}],"wp:term":[{"taxonomy":"pwb-brand","embeddable":true,"href":"https:\/\/mildot.fi\/index.php\/wp-json\/wp\/v2\/pwb-brand?post=12715"},{"taxonomy":"product_brand","embeddable":true,"href":"https:\/\/mildot.fi\/index.php\/wp-json\/wp\/v2\/product_brand?post=12715"},{"taxonomy":"product_cat","embeddable":true,"href":"https:\/\/mildot.fi\/index.php\/wp-json\/wp\/v2\/product_cat?post=12715"},{"taxonomy":"product_tag","embeddable":true,"href":"https:\/\/mildot.fi\/index.php\/wp-json\/wp\/v2\/product_tag?post=12715"}],"curies":[{"name":"wp","href":"https:\/\/api.w.org\/{rel}","templated":true}]}}